 
 
{"id":143,"date":"2015-11-29T23:06:09","date_gmt":"2015-11-29T22:06:09","guid":{"rendered":"https:\/\/www.pep34vacances.com\/centre-malibert\/?page_id=143"},"modified":"2024-03-08T14:20:56","modified_gmt":"2024-03-08T13:20:56","slug":"mini-ferme","status":"publish","type":"page","link":"https:\/\/www.pep34vacances.com\/centre-malibert\/activites\/mini-ferme\/","title":{"rendered":"Mini-ferme"},"content":{"rendered":"<h3>\t\r\n\t\t\r\n\t<div id=\"meteor-slideshowactivite-mini-ferme\" class=\"meteor-slides activite-mini-ferme navnone { next: '#meteor-nextactivite-mini-ferme', prev: '#meteor-prevactivite-mini-ferme', pager: '#meteor-buttonsactivite-mini-ferme' }\">\r\n\t\r\n\t\t\t\r\n\t\t\t\t\r\n\t\t\t\r\n\t\t<div class=\"meteor-clip\">\r\n\t\r\n\t\t\t\t\r\n\t\t\t<img decoding=\"async\" style=\"visibility: hidden;\" class=\"meteor-shim\" src=\"https:\/\/www.pep34vacances.com\/centre-malibert\/wp-content\/uploads\/sites\/3\/2016\/01\/pep34-centre-vacances-Malibert-colonie-enfants-ferme-animaux-2.jpg\" alt=\"\" \/>\r\n\t\t\t<div class=\"mslide mslide-1\">\r\n\t\t\t\t\r\n\t\t\t\t\t\t\t\t\t\r\n\t\t\t\t\t<img loading=\"lazy\" decoding=\"async\" width=\"800\" height=\"389\" src=\"https:\/\/www.pep34vacances.com\/centre-malibert\/wp-content\/uploads\/sites\/3\/2016\/01\/pep34-centre-vacances-Malibert-colonie-enfants-ferme-animaux-2.jpg\" class=\"attachment-featured-slide size-featured-slide wp-post-image\" alt=\"La ferme p\u00e9dagogique du centre de vacances de Malibert.\" title=\"pep34-centre-vacances-Malibert-colonie-enfants-ferme-animaux-\" srcset=\"https:\/\/www.pep34vacances.com\/centre-malibert\/wp-content\/uploads\/sites\/3\/2016\/01\/pep34-centre-vacances-Malibert-colonie-enfants-ferme-animaux-2.jpg 800w, https:\/\/www.pep34vacances.com\/centre-malibert\/wp-content\/uploads\/sites\/3\/2016\/01\/pep34-centre-vacances-Malibert-colonie-enfants-ferme-animaux-2-300x146.jpg 300w, https:\/\/www.pep34vacances.com\/centre-malibert\/wp-content\/uploads\/sites\/3\/2016\/01\/pep34-centre-vacances-Malibert-colonie-enfants-ferme-animaux-2-250x122.jpg 250w, https:\/\/www.pep34vacances.com\/centre-malibert\/wp-content\/uploads\/sites\/3\/2016\/01\/pep34-centre-vacances-Malibert-colonie-enfants-ferme-animaux-2-100x50.jpg 100w\" sizes=\"(max-width: 800px) 100vw, 800px\" \/>\t\t\t\t\t\r\n\t\t\t\t\t\t\t\r\n\t\t\t<\/div><!-- .mslide -->\r\n\t\t\t\r\n\t\t\t\t\t\t\r\n\t\t\t\t\r\n\t\t\t\r\n\t\t\t<div class=\"mslide mslide-2\">\r\n\t\t\t\t\r\n\t\t\t\t\t\t\t\t\t\r\n\t\t\t\t\t<img loading=\"lazy\" decoding=\"async\" width=\"800\" height=\"389\" src=\"https:\/\/www.pep34vacances.com\/centre-malibert\/wp-content\/uploads\/sites\/3\/2016\/01\/pep34-centre-vacances-Malibert-colonie-enfants-ferme-animaux-1.jpg\" class=\"attachment-featured-slide size-featured-slide wp-post-image\" alt=\"Colonies de vacances \u00e0 la ferme avec les PEP 34.\" title=\"pep34-centre-vacances-Malibert-colonie-enfants-ferme-animaux-\" srcset=\"https:\/\/www.pep34vacances.com\/centre-malibert\/wp-content\/uploads\/sites\/3\/2016\/01\/pep34-centre-vacances-Malibert-colonie-enfants-ferme-animaux-1.jpg 800w, https:\/\/www.pep34vacances.com\/centre-malibert\/wp-content\/uploads\/sites\/3\/2016\/01\/pep34-centre-vacances-Malibert-colonie-enfants-ferme-animaux-1-300x146.jpg 300w, https:\/\/www.pep34vacances.com\/centre-malibert\/wp-content\/uploads\/sites\/3\/2016\/01\/pep34-centre-vacances-Malibert-colonie-enfants-ferme-animaux-1-250x122.jpg 250w, https:\/\/www.pep34vacances.com\/centre-malibert\/wp-content\/uploads\/sites\/3\/2016\/01\/pep34-centre-vacances-Malibert-colonie-enfants-ferme-animaux-1-100x50.jpg 100w\" sizes=\"(max-width: 800px) 100vw, 800px\" \/>\t\t\t\t\t\r\n\t\t\t\t\t\t\t\r\n\t\t\t<\/div><!-- .mslide -->\r\n\t\t\t\r\n\t\t\t\t\t\t\r\n\t\t\t\t\r\n\t\t\t\r\n\t\t\t<div class=\"mslide mslide-3\">\r\n\t\t\t\t\r\n\t\t\t\t\t\t\t\t\t\r\n\t\t\t\t\t\t\t\t\t\t\r\n\t\t\t\t\t\t\t\r\n\t\t\t<\/div><!-- .mslide -->\r\n\t\t\t\r\n\t\t\t\t\t\t\r\n\t\t\t\t\r\n\t\t\t\r\n\t\t\t<div class=\"mslide mslide-4\">\r\n\t\t\t\t\r\n\t\t\t\t\t\t\t\t\t\r\n\t\t\t\t\t<img loading=\"lazy\" decoding=\"async\" width=\"800\" height=\"389\" src=\"https:\/\/www.pep34vacances.com\/centre-malibert\/wp-content\/uploads\/sites\/3\/2016\/01\/pep34-centre-vacances-Malibert-decouverte-ferme-animaux-enfants-4.jpg\" class=\"attachment-featured-slide size-featured-slide wp-post-image\" alt=\"Colonies de vacances \u00e0 la ferme avec les PEP 34.\" title=\"pep34-centre-vacances-Malibert-decouverte-ferme-animaux-enfants-\" srcset=\"https:\/\/www.pep34vacances.com\/centre-malibert\/wp-content\/uploads\/sites\/3\/2016\/01\/pep34-centre-vacances-Malibert-decouverte-ferme-animaux-enfants-4.jpg 800w, https:\/\/www.pep34vacances.com\/centre-malibert\/wp-content\/uploads\/sites\/3\/2016\/01\/pep34-centre-vacances-Malibert-decouverte-ferme-animaux-enfants-4-300x146.jpg 300w, https:\/\/www.pep34vacances.com\/centre-malibert\/wp-content\/uploads\/sites\/3\/2016\/01\/pep34-centre-vacances-Malibert-decouverte-ferme-animaux-enfants-4-250x122.jpg 250w, https:\/\/www.pep34vacances.com\/centre-malibert\/wp-content\/uploads\/sites\/3\/2016\/01\/pep34-centre-vacances-Malibert-decouverte-ferme-animaux-enfants-4-100x50.jpg 100w\" sizes=\"(max-width: 800px) 100vw, 800px\" \/>\t\t\t\t\t\r\n\t\t\t\t\t\t\t\r\n\t\t\t<\/div><!-- .mslide -->\r\n\t\t\t\r\n\t\t\t\t\t\t\r\n\t\t\t\t\r\n\t\t\t\r\n\t\t\t<div class=\"mslide mslide-5\">\r\n\t\t\t\t\r\n\t\t\t\t\t\t\t\t\t\r\n\t\t\t\t\t<img loading=\"lazy\" decoding=\"async\" width=\"800\" height=\"389\" src=\"https:\/\/www.pep34vacances.com\/centre-malibert\/wp-content\/uploads\/sites\/3\/2016\/01\/pep34-centre-vacances-Malibert-decouverte-ferme-animaux-enfants-2.jpg\" class=\"attachment-featured-slide size-featured-slide wp-post-image\" alt=\"Colonies de vacances \u00e0 la ferme avec les PEP 34.\" title=\"pep34-centre-vacances-Malibert-decouverte-ferme-animaux-enfants-\" srcset=\"https:\/\/www.pep34vacances.com\/centre-malibert\/wp-content\/uploads\/sites\/3\/2016\/01\/pep34-centre-vacances-Malibert-decouverte-ferme-animaux-enfants-2.jpg 800w, https:\/\/www.pep34vacances.com\/centre-malibert\/wp-content\/uploads\/sites\/3\/2016\/01\/pep34-centre-vacances-Malibert-decouverte-ferme-animaux-enfants-2-300x146.jpg 300w, https:\/\/www.pep34vacances.com\/centre-malibert\/wp-content\/uploads\/sites\/3\/2016\/01\/pep34-centre-vacances-Malibert-decouverte-ferme-animaux-enfants-2-250x122.jpg 250w, https:\/\/www.pep34vacances.com\/centre-malibert\/wp-content\/uploads\/sites\/3\/2016\/01\/pep34-centre-vacances-Malibert-decouverte-ferme-animaux-enfants-2-100x50.jpg 100w\" sizes=\"(max-width: 800px) 100vw, 800px\" \/>\t\t\t\t\t\r\n\t\t\t\t\t\t\t\r\n\t\t\t<\/div><!-- .mslide -->\r\n\t\t\t\r\n\t\t\t\t\t\t\r\n\t\t\t\t\r\n\t\t<\/div><!-- .meteor-clip -->\r\n\t\t\t\t\r\n\t\t\t\t\t\r\n\t<\/div><!-- .meteor-slides -->\r\n\t\r\n\t<\/h3>\n<p>&nbsp;<\/p>\n<p>Qui n\u2019a jamais r\u00eav\u00e9 de travailler \u00e0 la ferme\u00a0?<br \/>\nS\u2019occuper des poules, nourrir les oies,\u00a0 ; tout ceci devient possible gr\u00e2ce au centre de vacances de Malibert, ancienne ferme r\u00e9nov\u00e9e pour accueillir enfants comme adultes tout au long de l\u2019ann\u00e9e. Plus de 14 esp\u00e8ces animales et 1 potager entretenu par les r\u00e9sidents composent la petite installation agricole, qui tr\u00f4ne dans un environnement naturel unique.<\/p>\n<p>&nbsp;<\/p>\n<h2>Objectifs p\u00e9dagogiques<\/h2>\n<ul>\n<li>Approche avec les animaux (les caresser, les toucher), les nourrir (graines et restes), les respecter<\/li>\n<li>Identifier et diff\u00e9rencier les animaux<\/li>\n<li>Observer, d\u00e9crire<\/li>\n<li>Reproduction<\/li>\n<li>Faire comprendre \u00e0 l'enfant l'int\u00e9r\u00eat d'\u00e9lever des animaux pour un agriculteur<\/li>\n<\/ul>\n<p>&nbsp;<\/p>\n<h2>D\u00e9roulement de l\u2019activit\u00e9<\/h2>\n<p>La classe est s\u00e9par\u00e9e en deux groupes. Un groupe commence par le haut de la ferme tandis que l\u2019autre groupe commence par le bas.<\/p>\n<p>Animaux de la mini ferme : Anes, Poneys, Ch\u00e8vres, Moutons, Lapins, Poules, Paons, Oies, Canards.<\/p>\n<p>Les \u00e9quid\u00e9s : Entretien des boxes, pansage...<\/p>\n","protected":false},"excerpt":{"rendered":"&nbsp; Qui n\u2019a jamais r\u00eav\u00e9 de travailler \u00e0 la ferme\u00a0? S\u2019occuper des poules, nourrir les oies,\u00a0 ; tout ceci devient possible gr\u00e2ce au centre de vacances de Malibert, ancienne ferme r\u00e9nov\u00e9e pour accueillir enfants comme adultes tout au long de l\u2019ann\u00e9e. Plus de 14 esp\u00e8ces animales et 1 potager entretenu par les r\u00e9sidents composent la petite installation agricole, qui tr\u00f4ne&nbsp;<a href=\"https:\/\/www.pep34vacances.com\/centre-malibert\/activites\/mini-ferme\/\" class=\"read-more\">Lire la suite<\/a>","protected":false},"author":5,"featured_media":0,"parent":22,"menu_order":0,"comment_status":"closed","ping_status":"closed","template":"","meta":{"footnotes":""},"_links":{"self":[{"href":"https:\/\/www.pep34vacances.com\/centre-malibert\/wp-json\/wp\/v2\/pages\/143"}],"collection":[{"href":"https:\/\/www.pep34vacances.com\/centre-malibert\/wp-json\/wp\/v2\/pages"}],"about":[{"href":"https:\/\/www.pep34vacances.com\/centre-malibert\/wp-json\/wp\/v2\/types\/page"}],"author":[{"embeddable":true,"href":"https:\/\/www.pep34vacances.com\/centre-malibert\/wp-json\/wp\/v2\/users\/5"}],"replies":[{"embeddable":true,"href":"https:\/\/www.pep34vacances.com\/centre-malibert\/wp-json\/wp\/v2\/comments?post=143"}],"version-history":[{"count":4,"href":"https:\/\/www.pep34vacances.com\/centre-malibert\/wp-json\/wp\/v2\/pages\/143\/revisions"}],"predecessor-version":[{"id":825,"href":"https:\/\/www.pep34vacances.com\/centre-malibert\/wp-json\/wp\/v2\/pages\/143\/revisions\/825"}],"up":[{"embeddable":true,"href":"https:\/\/www.pep34vacances.com\/centre-malibert\/wp-json\/wp\/v2\/pages\/22"}],"wp:attachment":[{"href":"https:\/\/www.pep34vacances.com\/centre-malibert\/wp-json\/wp\/v2\/media?parent=143"}],"curies":[{"name":"wp","href":"https:\/\/api.w.org\/{rel}","templated":true}]}}