 
 
{"id":26,"date":"2015-11-24T16:46:01","date_gmt":"2015-11-24T15:46:01","guid":{"rendered":"https:\/\/www.pep34vacances.com\/centre-malibert\/?page_id=26"},"modified":"2024-03-08T11:44:45","modified_gmt":"2024-03-08T10:44:45","slug":"balades","status":"archive","type":"page","link":"https:\/\/www.pep34vacances.com\/centre-malibert\/activites\/balades\/","title":{"rendered":"Randonn\u00e9es p\u00e9destres et VTT"},"content":{"rendered":"\t\r\n\t\t\r\n\t<div id=\"meteor-slideshowactivite-balades\" class=\"meteor-slides activite-balades navnone { next: '#meteor-nextactivite-balades', prev: '#meteor-prevactivite-balades', pager: '#meteor-buttonsactivite-balades' }\">\r\n\t\r\n\t\t\t\r\n\t\t\t\t\r\n\t\t\t\r\n\t\t<div class=\"meteor-clip\">\r\n\t\r\n\t\t\t\t\r\n\t\t\t<img decoding=\"async\" style=\"visibility: hidden;\" class=\"meteor-shim\" src=\"https:\/\/www.pep34vacances.com\/centre-malibert\/wp-content\/uploads\/sites\/3\/2016\/03\/pep34-activite-balade-nature-malibert.jpg\" alt=\"\" \/>\r\n\t\t\t<div class=\"mslide mslide-1\">\r\n\t\t\t\t\r\n\t\t\t\t\t\t\t\t\t\r\n\t\t\t\t\t<img loading=\"lazy\" decoding=\"async\" width=\"800\" height=\"389\" src=\"https:\/\/www.pep34vacances.com\/centre-malibert\/wp-content\/uploads\/sites\/3\/2016\/03\/pep34-activite-balade-nature-malibert.jpg\" class=\"attachment-featured-slide size-featured-slide wp-post-image\" alt=\"Paysages et panoramas dans la r\u00e9gion de Saint-Chinian (H\u00e9rault).\" title=\"pep34-activite-balade-nature-malibert\" srcset=\"https:\/\/www.pep34vacances.com\/centre-malibert\/wp-content\/uploads\/sites\/3\/2016\/03\/pep34-activite-balade-nature-malibert.jpg 800w, https:\/\/www.pep34vacances.com\/centre-malibert\/wp-content\/uploads\/sites\/3\/2016\/03\/pep34-activite-balade-nature-malibert-300x146.jpg 300w, https:\/\/www.pep34vacances.com\/centre-malibert\/wp-content\/uploads\/sites\/3\/2016\/03\/pep34-activite-balade-nature-malibert-250x122.jpg 250w, https:\/\/www.pep34vacances.com\/centre-malibert\/wp-content\/uploads\/sites\/3\/2016\/03\/pep34-activite-balade-nature-malibert-100x50.jpg 100w\" sizes=\"(max-width: 800px) 100vw, 800px\" \/>\t\t\t\t\t\r\n\t\t\t\t\t\t\t\r\n\t\t\t<\/div><!-- .mslide -->\r\n\t\t\t\r\n\t\t\t\t\t\t\r\n\t\t\t\t\r\n\t\t\t\r\n\t\t\t<div class=\"mslide mslide-2\">\r\n\t\t\t\t\r\n\t\t\t\t\t\t\t\t\t\r\n\t\t\t\t\t<img loading=\"lazy\" decoding=\"async\" width=\"800\" height=\"389\" src=\"https:\/\/www.pep34vacances.com\/centre-malibert\/wp-content\/uploads\/sites\/3\/2016\/03\/pep34-balade-vernazobre-nature-malibert.jpg\" class=\"attachment-featured-slide size-featured-slide wp-post-image\" alt=\"Le Vernazobres, affluent de l&#039;Orb.\" title=\"pep34-balade-vernazobre-nature-malibert\" srcset=\"https:\/\/www.pep34vacances.com\/centre-malibert\/wp-content\/uploads\/sites\/3\/2016\/03\/pep34-balade-vernazobre-nature-malibert.jpg 800w, https:\/\/www.pep34vacances.com\/centre-malibert\/wp-content\/uploads\/sites\/3\/2016\/03\/pep34-balade-vernazobre-nature-malibert-300x146.jpg 300w, https:\/\/www.pep34vacances.com\/centre-malibert\/wp-content\/uploads\/sites\/3\/2016\/03\/pep34-balade-vernazobre-nature-malibert-250x122.jpg 250w, https:\/\/www.pep34vacances.com\/centre-malibert\/wp-content\/uploads\/sites\/3\/2016\/03\/pep34-balade-vernazobre-nature-malibert-100x50.jpg 100w\" sizes=\"(max-width: 800px) 100vw, 800px\" \/>\t\t\t\t\t\r\n\t\t\t\t\t\t\t\r\n\t\t\t<\/div><!-- .mslide -->\r\n\t\t\t\r\n\t\t\t\t\t\t\r\n\t\t\t\t\r\n\t\t\t\r\n\t\t\t<div class=\"mslide mslide-3\">\r\n\t\t\t\t\r\n\t\t\t\t\t\t\t\t\t\r\n\t\t\t\t\t<img loading=\"lazy\" decoding=\"async\" width=\"800\" height=\"389\" src=\"https:\/\/www.pep34vacances.com\/centre-malibert\/wp-content\/uploads\/sites\/3\/2016\/03\/pep34-balades-enfants-nature-malibert.jpg\" class=\"attachment-featured-slide size-featured-slide wp-post-image\" alt=\"Les enfants se pr\u00e9parent pour une balade en pleine nature.\" title=\"pep34-balades-enfants-nature-malibert\" srcset=\"https:\/\/www.pep34vacances.com\/centre-malibert\/wp-content\/uploads\/sites\/3\/2016\/03\/pep34-balades-enfants-nature-malibert.jpg 800w, https:\/\/www.pep34vacances.com\/centre-malibert\/wp-content\/uploads\/sites\/3\/2016\/03\/pep34-balades-enfants-nature-malibert-300x146.jpg 300w, https:\/\/www.pep34vacances.com\/centre-malibert\/wp-content\/uploads\/sites\/3\/2016\/03\/pep34-balades-enfants-nature-malibert-250x122.jpg 250w, https:\/\/www.pep34vacances.com\/centre-malibert\/wp-content\/uploads\/sites\/3\/2016\/03\/pep34-balades-enfants-nature-malibert-100x50.jpg 100w\" sizes=\"(max-width: 800px) 100vw, 800px\" \/>\t\t\t\t\t\r\n\t\t\t\t\t\t\t\r\n\t\t\t<\/div><!-- .mslide -->\r\n\t\t\t\r\n\t\t\t\t\t\t\r\n\t\t\t\t\r\n\t\t\t\r\n\t\t\t<div class=\"mslide mslide-4\">\r\n\t\t\t\t\r\n\t\t\t\t\t\t\t\t\t\r\n\t\t\t\t\t<img loading=\"lazy\" decoding=\"async\" width=\"800\" height=\"389\" src=\"https:\/\/www.pep34vacances.com\/centre-malibert\/wp-content\/uploads\/sites\/3\/2016\/03\/pep34-balade-rando-nature-malibert.jpg\" class=\"attachment-featured-slide size-featured-slide wp-post-image\" alt=\"Le centre de vacances de Malibert, dans la r\u00e9gion de Saint-Chinian.\" title=\"pep34-balade-rando-nature-malibert\" srcset=\"https:\/\/www.pep34vacances.com\/centre-malibert\/wp-content\/uploads\/sites\/3\/2016\/03\/pep34-balade-rando-nature-malibert.jpg 800w, https:\/\/www.pep34vacances.com\/centre-malibert\/wp-content\/uploads\/sites\/3\/2016\/03\/pep34-balade-rando-nature-malibert-300x146.jpg 300w, https:\/\/www.pep34vacances.com\/centre-malibert\/wp-content\/uploads\/sites\/3\/2016\/03\/pep34-balade-rando-nature-malibert-250x122.jpg 250w, https:\/\/www.pep34vacances.com\/centre-malibert\/wp-content\/uploads\/sites\/3\/2016\/03\/pep34-balade-rando-nature-malibert-100x50.jpg 100w\" sizes=\"(max-width: 800px) 100vw, 800px\" \/>\t\t\t\t\t\r\n\t\t\t\t\t\t\t\r\n\t\t\t<\/div><!-- .mslide -->\r\n\t\t\t\r\n\t\t\t\t\t\t\r\n\t\t\t\t\r\n\t\t<\/div><!-- .meteor-clip -->\r\n\t\t\t\t\r\n\t\t\t\t\t\r\n\t<\/div><!-- .meteor-slides -->\r\n\t\r\n\t\n<p>&nbsp;<\/p>\n<p id=\"lipsum\">Situ\u00e9 dans un environnement pr\u00e9serv\u00e9 et prot\u00e9g\u00e9, le centre de vacances de Malibert est le th\u00e9\u00e2tre de nombreuses randonn\u00e9es p\u00e9destres. Entre montagnes, rivi\u00e8res et for\u00eats, les circuits de balades permettent la d\u00e9couverte et l\u2019exploration de la faune et de la flore locale gr\u00e2ce aux programmes d'activit\u00e9s mont\u00e9s par les PEP 34.<\/p>\n<h2>La source<\/h2>\n<p>Dur\u00e9e : 20 min<br \/>\nInt\u00e9r\u00eats : source, moulin, station de filtration<\/p>\n<h2>Le point de vue<\/h2>\n<p>Dur\u00e9e : 45 min<br \/>\nInt\u00e9r\u00eats : lecture de paysages, grotte de T\u00e9j\u00e9dor<\/p>\n<h2>Le chemin de la bergerie<\/h2>\n<p>Dur\u00e9e : 45 min<br \/>\nInt\u00e9r\u00eats : balade, paysages<\/p>\n<h2>Le petit plateau<\/h2>\n<p>Dur\u00e9e : 15 min<br \/>\nInt\u00e9r\u00eats : coupole d'observation, orientation, fabrication de cabanes<\/p>\n<h2>Babeau<\/h2>\n<p>Dur\u00e9e : 50 min<br \/>\nInt\u00e9r\u00eats : vieux village<\/p>\n<h2>Encore plus de balades !<\/h2>\n<a href=\"https:\/\/www.pep34vacances.com\/Rando%20+%20VTT%20Malibert.pdf\" title=\"Consulter le livret randonn\u00e9es p\u00e9destres et VTT\" class=\"btn btn-link btn-normal btn-block \" target=\"_blank\">Consulter le livret randonn\u00e9es p\u00e9destres et VTT<\/a><!-- .btn -->\n","protected":false},"excerpt":{"rendered":"&nbsp; Situ\u00e9 dans un environnement pr\u00e9serv\u00e9 et prot\u00e9g\u00e9, le centre de vacances de Malibert est le th\u00e9\u00e2tre de nombreuses randonn\u00e9es p\u00e9destres. Entre montagnes, rivi\u00e8res et for\u00eats, les circuits de balades permettent la d\u00e9couverte et l\u2019exploration de la faune et de la flore locale gr\u00e2ce aux programmes d'activit\u00e9s mont\u00e9s par les PEP 34. La source Dur\u00e9e : 20 min Int\u00e9r\u00eats :&nbsp;<a href=\"https:\/\/www.pep34vacances.com\/centre-malibert\/activites\/balades\/\" class=\"read-more\">Lire la suite<\/a>","protected":false},"author":1,"featured_media":0,"parent":22,"menu_order":0,"comment_status":"closed","ping_status":"closed","template":"","meta":{"footnotes":""},"_links":{"self":[{"href":"https:\/\/www.pep34vacances.com\/centre-malibert\/wp-json\/wp\/v2\/pages\/26"}],"collection":[{"href":"https:\/\/www.pep34vacances.com\/centre-malibert\/wp-json\/wp\/v2\/pages"}],"about":[{"href":"https:\/\/www.pep34vacances.com\/centre-malibert\/wp-json\/wp\/v2\/types\/page"}],"author":[{"embeddable":true,"href":"https:\/\/www.pep34vacances.com\/centre-malibert\/wp-json\/wp\/v2\/users\/1"}],"replies":[{"embeddable":true,"href":"https:\/\/www.pep34vacances.com\/centre-malibert\/wp-json\/wp\/v2\/comments?post=26"}],"version-history":[{"count":3,"href":"https:\/\/www.pep34vacances.com\/centre-malibert\/wp-json\/wp\/v2\/pages\/26\/revisions"}],"predecessor-version":[{"id":808,"href":"https:\/\/www.pep34vacances.com\/centre-malibert\/wp-json\/wp\/v2\/pages\/26\/revisions\/808"}],"up":[{"embeddable":true,"href":"https:\/\/www.pep34vacances.com\/centre-malibert\/wp-json\/wp\/v2\/pages\/22"}],"wp:attachment":[{"href":"https:\/\/www.pep34vacances.com\/centre-malibert\/wp-json\/wp\/v2\/media?parent=26"}],"curies":[{"name":"wp","href":"https:\/\/api.w.org\/{rel}","templated":true}]}}

Randonnées pédestres et VTT

<div id="meteor-slideshowactivite-balades" class="meteor-slides activite-balades navnone { next: '#meteor-nextactivite-balades', prev: '#meteor-prevactivite-balades', pager: '#meteor-buttonsactivite-balades' }">
	
			
				
			
		<div class="meteor-clip">
	
				
			<img decoding="async" style="visibility: hidden;" class="meteor-shim" src="https://www.pep34vacances.com/centre-malibert/wp-content/uploads/sites/3/2016/03/pep34-activite-balade-nature-malibert.jpg" alt="" />
			<div class="mslide mslide-1">
				
									
					<img loading="lazy" decoding="async" width="800" height="389" src="https://www.pep34vacances.com/centre-malibert/wp-content/uploads/sites/3/2016/03/pep34-activite-balade-nature-malibert.jpg" class="attachment-featured-slide size-featured-slide wp-post-image" alt="Paysages et panoramas dans la région de Saint-Chinian (Hérault)." title="pep34-activite-balade-nature-malibert" srcset="https://www.pep34vacances.com/centre-malibert/wp-content/uploads/sites/3/2016/03/pep34-activite-balade-nature-malibert.jpg 800w, https://www.pep34vacances.com/centre-malibert/wp-content/uploads/sites/3/2016/03/pep34-activite-balade-nature-malibert-300x146.jpg 300w, https://www.pep34vacances.com/centre-malibert/wp-content/uploads/sites/3/2016/03/pep34-activite-balade-nature-malibert-250x122.jpg 250w, https://www.pep34vacances.com/centre-malibert/wp-content/uploads/sites/3/2016/03/pep34-activite-balade-nature-malibert-100x50.jpg 100w" sizes="(max-width: 800px) 100vw, 800px" />					
							
			</div><!-- .mslide -->
			
						
				
			
			<div class="mslide mslide-2">
				
									
					<img loading="lazy" decoding="async" width="800" height="389" src="https://www.pep34vacances.com/centre-malibert/wp-content/uploads/sites/3/2016/03/pep34-balade-vernazobre-nature-malibert.jpg" class="attachment-featured-slide size-featured-slide wp-post-image" alt="Le Vernazobres, affluent de l&#039;Orb." title="pep34-balade-vernazobre-nature-malibert" srcset="https://www.pep34vacances.com/centre-malibert/wp-content/uploads/sites/3/2016/03/pep34-balade-vernazobre-nature-malibert.jpg 800w, https://www.pep34vacances.com/centre-malibert/wp-content/uploads/sites/3/2016/03/pep34-balade-vernazobre-nature-malibert-300x146.jpg 300w, https://www.pep34vacances.com/centre-malibert/wp-content/uploads/sites/3/2016/03/pep34-balade-vernazobre-nature-malibert-250x122.jpg 250w, https://www.pep34vacances.com/centre-malibert/wp-content/uploads/sites/3/2016/03/pep34-balade-vernazobre-nature-malibert-100x50.jpg 100w" sizes="(max-width: 800px) 100vw, 800px" />					
							
			</div><!-- .mslide -->
			
						
				
			
			<div class="mslide mslide-3">
				
									
					<img loading="lazy" decoding="async" width="800" height="389" src="https://www.pep34vacances.com/centre-malibert/wp-content/uploads/sites/3/2016/03/pep34-balades-enfants-nature-malibert.jpg" class="attachment-featured-slide size-featured-slide wp-post-image" alt="Les enfants se préparent pour une balade en pleine nature." title="pep34-balades-enfants-nature-malibert" srcset="https://www.pep34vacances.com/centre-malibert/wp-content/uploads/sites/3/2016/03/pep34-balades-enfants-nature-malibert.jpg 800w, https://www.pep34vacances.com/centre-malibert/wp-content/uploads/sites/3/2016/03/pep34-balades-enfants-nature-malibert-300x146.jpg 300w, https://www.pep34vacances.com/centre-malibert/wp-content/uploads/sites/3/2016/03/pep34-balades-enfants-nature-malibert-250x122.jpg 250w, https://www.pep34vacances.com/centre-malibert/wp-content/uploads/sites/3/2016/03/pep34-balades-enfants-nature-malibert-100x50.jpg 100w" sizes="(max-width: 800px) 100vw, 800px" />					
							
			</div><!-- .mslide -->
			
						
				
			
			<div class="mslide mslide-4">
				
									
					<img loading="lazy" decoding="async" width="800" height="389" src="https://www.pep34vacances.com/centre-malibert/wp-content/uploads/sites/3/2016/03/pep34-balade-rando-nature-malibert.jpg" class="attachment-featured-slide size-featured-slide wp-post-image" alt="Le centre de vacances de Malibert, dans la région de Saint-Chinian." title="pep34-balade-rando-nature-malibert" srcset="https://www.pep34vacances.com/centre-malibert/wp-content/uploads/sites/3/2016/03/pep34-balade-rando-nature-malibert.jpg 800w, https://www.pep34vacances.com/centre-malibert/wp-content/uploads/sites/3/2016/03/pep34-balade-rando-nature-malibert-300x146.jpg 300w, https://www.pep34vacances.com/centre-malibert/wp-content/uploads/sites/3/2016/03/pep34-balade-rando-nature-malibert-250x122.jpg 250w, https://www.pep34vacances.com/centre-malibert/wp-content/uploads/sites/3/2016/03/pep34-balade-rando-nature-malibert-100x50.jpg 100w" sizes="(max-width: 800px) 100vw, 800px" />					
							
			</div><!-- .mslide -->
			
						
				
		</div><!-- .meteor-clip -->
				
					
	</div><!-- .meteor-slides -->
	
	
<p>&nbsp;</p>
<p id="lipsum">Situé dans un environnement préservé et protégé, le centre de vacances de Malibert est le théâtre de nombreuses randonnées pédestres. Entre montagnes, rivières et forêts, les circuits de balades permettent la découverte et l’exploration de la faune et de la flore locale grâce aux programmes d'activités montés par les PEP 34.</p>
<h2>La source</h2>
<p>Durée : 20 min<br />
Intérêts : source, moulin, station de filtration</p>
<h2>Le point de vue</h2>
<p>Durée : 45 min<br />
Intérêts : lecture de paysages, grotte de Téjédor</p>
<h2>Le chemin de la bergerie</h2>
<p>Durée : 45 min<br />
Intérêts : balade, paysages</p>
<h2>Le petit plateau</h2>
<p>Durée : 15 min<br />
Intérêts : coupole d'observation, orientation, fabrication de cabanes</p>
<h2>Babeau</h2>
<p>Durée : 50 min<br />
Intérêts : vieux village</p>
<h2>Encore plus de balades !</h2>
<a href="https://www.pep34vacances.com/Rando%20+%20VTT%20Malibert.pdf" title="Consulter le livret randonnées pédestres et VTT" class="btn btn-link btn-normal btn-block " target="_blank">Consulter le livret randonnées pédestres et VTT</a><!-- .btn -->

&nbsp; Situé dans un environnement préservé et protégé, le centre de vacances de Malibert est le théâtre de nombreuses randonnées pédestres. Entre montagnes, rivières et forêts, les circuits de balades permettent la découverte et l’exploration de la faune et de la flore locale grâce aux programmes d'activités montés par les PEP 34. La source Durée : 20 min Intérêts :&nbsp;<a href="https://www.pep34vacances.com/centre-malibert/activites/balades/" class="read-more">Lire la suite</a>
