 
 
{"id":34,"date":"2015-11-24T16:52:25","date_gmt":"2015-11-24T15:52:25","guid":{"rendered":"https:\/\/www.pep34vacances.com\/centre-malibert\/?page_id=34"},"modified":"2025-10-22T11:32:52","modified_gmt":"2025-10-22T10:32:52","slug":"astronomie","status":"publish","type":"page","link":"https:\/\/www.pep34vacances.com\/centre-malibert\/classes-decouvertes\/astronomie\/","title":{"rendered":"Une classe dans les \u00e9toiles !"},"content":{"rendered":"<div id=\"lipsum\">\n\t\r\n\t\t\r\n\t<div id=\"meteor-slideshowsejour-astronomie\" class=\"meteor-slides sejour-astronomie navnone { next: '#meteor-nextsejour-astronomie', prev: '#meteor-prevsejour-astronomie', pager: '#meteor-buttonssejour-astronomie' }\">\r\n\t\r\n\t\t\t\r\n\t\t\t\t\r\n\t\t\t\r\n\t\t<div class=\"meteor-clip\">\r\n\t\r\n\t\t\t\t\r\n\t\t\t<img decoding=\"async\" style=\"visibility: hidden;\" class=\"meteor-shim\" src=\"https:\/\/www.pep34vacances.com\/centre-malibert\/wp-content\/uploads\/sites\/3\/2016\/01\/pep34-centre-vacances-Malibert-enfants-.jpg\" alt=\"\" \/>\r\n\t\t\t<div class=\"mslide mslide-1\">\r\n\t\t\t\t\r\n\t\t\t\t\t\t\t\t\t\r\n\t\t\t\t\t<img loading=\"lazy\" decoding=\"async\" width=\"800\" height=\"389\" src=\"https:\/\/www.pep34vacances.com\/centre-malibert\/wp-content\/uploads\/sites\/3\/2016\/01\/pep34-centre-vacances-Malibert-enfants-.jpg\" class=\"attachment-featured-slide size-featured-slide wp-post-image\" alt=\"Astronomie au centre de vacances de Malibert.\" title=\"pep34-centre-vacances-Malibert-enfants-astronomie\" srcset=\"https:\/\/www.pep34vacances.com\/centre-malibert\/wp-content\/uploads\/sites\/3\/2016\/01\/pep34-centre-vacances-Malibert-enfants-.jpg 800w, https:\/\/www.pep34vacances.com\/centre-malibert\/wp-content\/uploads\/sites\/3\/2016\/01\/pep34-centre-vacances-Malibert-enfants--300x146.jpg 300w, https:\/\/www.pep34vacances.com\/centre-malibert\/wp-content\/uploads\/sites\/3\/2016\/01\/pep34-centre-vacances-Malibert-enfants--250x122.jpg 250w, https:\/\/www.pep34vacances.com\/centre-malibert\/wp-content\/uploads\/sites\/3\/2016\/01\/pep34-centre-vacances-Malibert-enfants--100x50.jpg 100w\" sizes=\"(max-width: 800px) 100vw, 800px\" \/>\t\t\t\t\t\r\n\t\t\t\t\t\t\t\r\n\t\t\t<\/div><!-- .mslide -->\r\n\t\t\t\r\n\t\t\t\t\t\t\r\n\t\t\t\t\r\n\t\t\t\r\n\t\t\t<div class=\"mslide mslide-2\">\r\n\t\t\t\t\r\n\t\t\t\t\t\t\t\t\t\r\n\t\t\t\t\t<img loading=\"lazy\" decoding=\"async\" width=\"800\" height=\"389\" src=\"https:\/\/www.pep34vacances.com\/centre-malibert\/wp-content\/uploads\/sites\/3\/2016\/01\/pep34-centre-vacances-Malibert-enfants-2.jpg\" class=\"attachment-featured-slide size-featured-slide wp-post-image\" alt=\"Coupole d&#039;observation astronomique de Malibert.\" title=\"pep34-centre-vacances-Malibert-enfants-astronomie\" srcset=\"https:\/\/www.pep34vacances.com\/centre-malibert\/wp-content\/uploads\/sites\/3\/2016\/01\/pep34-centre-vacances-Malibert-enfants-2.jpg 800w, https:\/\/www.pep34vacances.com\/centre-malibert\/wp-content\/uploads\/sites\/3\/2016\/01\/pep34-centre-vacances-Malibert-enfants-2-300x146.jpg 300w, https:\/\/www.pep34vacances.com\/centre-malibert\/wp-content\/uploads\/sites\/3\/2016\/01\/pep34-centre-vacances-Malibert-enfants-2-250x122.jpg 250w, https:\/\/www.pep34vacances.com\/centre-malibert\/wp-content\/uploads\/sites\/3\/2016\/01\/pep34-centre-vacances-Malibert-enfants-2-100x50.jpg 100w\" sizes=\"(max-width: 800px) 100vw, 800px\" \/>\t\t\t\t\t\r\n\t\t\t\t\t\t\t\r\n\t\t\t<\/div><!-- .mslide -->\r\n\t\t\t\r\n\t\t\t\t\t\t\r\n\t\t\t\t\r\n\t\t\t\r\n\t\t\t<div class=\"mslide mslide-3\">\r\n\t\t\t\t\r\n\t\t\t\t\t\t\t\t\t\r\n\t\t\t\t\t<img loading=\"lazy\" decoding=\"async\" width=\"800\" height=\"389\" src=\"https:\/\/www.pep34vacances.com\/centre-malibert\/wp-content\/uploads\/sites\/3\/2016\/01\/pep34-centre-vacances-Malibert-enfants-3.jpg\" class=\"attachment-featured-slide size-featured-slide wp-post-image\" alt=\"Astronomie en vacances avec les PEP 34.\" title=\"pep34-centre-vacances-Malibert-enfants-astronomie\" srcset=\"https:\/\/www.pep34vacances.com\/centre-malibert\/wp-content\/uploads\/sites\/3\/2016\/01\/pep34-centre-vacances-Malibert-enfants-3.jpg 800w, https:\/\/www.pep34vacances.com\/centre-malibert\/wp-content\/uploads\/sites\/3\/2016\/01\/pep34-centre-vacances-Malibert-enfants-3-300x146.jpg 300w, https:\/\/www.pep34vacances.com\/centre-malibert\/wp-content\/uploads\/sites\/3\/2016\/01\/pep34-centre-vacances-Malibert-enfants-3-250x122.jpg 250w, https:\/\/www.pep34vacances.com\/centre-malibert\/wp-content\/uploads\/sites\/3\/2016\/01\/pep34-centre-vacances-Malibert-enfants-3-100x50.jpg 100w\" sizes=\"(max-width: 800px) 100vw, 800px\" \/>\t\t\t\t\t\r\n\t\t\t\t\t\t\t\r\n\t\t\t<\/div><!-- .mslide -->\r\n\t\t\t\r\n\t\t\t\t\t\t\r\n\t\t\t\t\r\n\t\t<\/div><!-- .meteor-clip -->\r\n\t\t\t\t\r\n\t\t\t\t\t\r\n\t<\/div><!-- .meteor-slides -->\r\n\t\r\n\t\n<h3><\/h3>\n<h2>Objectifs du voyage scolaire<\/h2>\n<p>D\u00e9couverte du syst\u00e8me solaire et du mat\u00e9riel d'observation (t\u00e9lescope, coupole, plan\u00e9tarium, mini-ciel...)<\/p>\n<h2>Programme du s\u00e9jour<\/h2>\n<p><a href=\"https:\/\/www.pep34vacances.com\/centre-malibert\/wp-content\/uploads\/sites\/3\/2015\/11\/programme-malibert-astronomie.png\"><img loading=\"lazy\" decoding=\"async\" class=\"wp-image-658 size-large alignnone\" src=\"https:\/\/www.pep34vacances.com\/centre-malibert\/wp-content\/uploads\/sites\/3\/2015\/11\/programme-malibert-astronomie-1024x613.png\" alt=\"Programme classe Astronomie Malibert.\" width=\"604\" height=\"362\" srcset=\"https:\/\/www.pep34vacances.com\/centre-malibert\/wp-content\/uploads\/sites\/3\/2015\/11\/programme-malibert-astronomie-1024x613.png 1024w, https:\/\/www.pep34vacances.com\/centre-malibert\/wp-content\/uploads\/sites\/3\/2015\/11\/programme-malibert-astronomie-300x180.png 300w, https:\/\/www.pep34vacances.com\/centre-malibert\/wp-content\/uploads\/sites\/3\/2015\/11\/programme-malibert-astronomie-250x150.png 250w, https:\/\/www.pep34vacances.com\/centre-malibert\/wp-content\/uploads\/sites\/3\/2015\/11\/programme-malibert-astronomie.png 1158w\" sizes=\"(max-width: 604px) 100vw, 604px\" \/><\/a><\/p>\n<h2>Contenu p\u00e9dagogique<\/h2>\n<p><strong>Syst\u00e8me solaire<\/strong><\/p>\n<p>Objectif : d\u00e9couverte du syst\u00e8me solaire<br \/>\nMoyens : parcours am\u00e9nag\u00e9, maquette, jeux, observation du soleil avec un Coronado (lunette observation solaire)<br \/>\n<em>Atelier dispens\u00e9 par les animateurs du centre<\/em><\/p>\n<p><strong>Orientation<\/strong><\/p>\n<p>Objectif : utilisation d'une boussole<br \/>\nMoyens : maquette boussole et jeux d'orientation<br \/>\n<em>Atelier dispens\u00e9 par les animateurs du centre<\/em><\/p>\n<p><strong>Manipulation t\u00e9lescope<\/strong><\/p>\n<p>Objectif : apprendre \u00e0 manipuler (mise en station)<br \/>\nMoyens : t\u00e9lescopes manuels \u00e0 disposition, coupole d'observation<br \/>\n<em>Atelier dispens\u00e9 par les animateurs du centre<\/em><\/p>\n<h3>Notre guide pratique<\/h3>\n<p>\u00c0 destinations des enseignants d'\u00e9coles maternelles, primaires et \u00e9l\u00e9mentaires, ce guide pratique contient toutes les informations n\u00e9cessaires pour vous aider dans la constitution de votre dossier administratif.<\/p>\n<a href=\"https:\/\/www.pep34vacances.com\/wp-content\/uploads\/2019\/03\/Guide-pratique-Malibert-CD.pdf\" title=\"T\u00c9L\u00c9CHARGEZ NOTRE GUIDE PRATIQUE\" class=\"btn btn-primary btn-medium btn-inline \" target=\"_blank\">T\u00c9L\u00c9CHARGEZ NOTRE GUIDE PRATIQUE<\/a><!-- .btn -->\n<div class=\"wp-block-spacer\" style=\"height: 20px;\" aria-hidden=\"true\"><\/div>\n<h3>Conditions de pratique<\/h3>\n<ul>\n<li>Public vis\u00e9 : cycle 2\/3 (autres niveaux, nous consulter)<\/li>\n<li>Effectif minimum : 20 (en dessous, nous consulter)<\/li>\n<li>Tenue : sur place<\/li>\n<\/ul>\n<h2>Contact<\/h2>\n<p>Centre de Malibert<br \/>\nBabeau-Bouldoux<br \/>\n34360 SAINT-CHINIAN<\/p>\n<p>04 67 38 04 61<\/p>\n<p>centre.malibert@adpep34.org<\/p>\n<\/div>\n","protected":false},"excerpt":{"rendered":"Objectifs du voyage scolaire D\u00e9couverte du syst\u00e8me solaire et du mat\u00e9riel d'observation (t\u00e9lescope, coupole, plan\u00e9tarium, mini-ciel...) Programme du s\u00e9jour Contenu p\u00e9dagogique Syst\u00e8me solaire Objectif : d\u00e9couverte du syst\u00e8me solaire Moyens : parcours am\u00e9nag\u00e9, maquette, jeux, observation du soleil avec un Coronado (lunette observation solaire) Atelier dispens\u00e9 par les animateurs du centre Orientation Objectif : utilisation d'une boussole Moyens : maquette&nbsp;<a href=\"https:\/\/www.pep34vacances.com\/centre-malibert\/classes-decouvertes\/astronomie\/\" class=\"read-more\">Lire la suite<\/a>","protected":false},"author":1,"featured_media":0,"parent":28,"menu_order":0,"comment_status":"closed","ping_status":"closed","template":"","meta":{"footnotes":""},"_links":{"self":[{"href":"https:\/\/www.pep34vacances.com\/centre-malibert\/wp-json\/wp\/v2\/pages\/34"}],"collection":[{"href":"https:\/\/www.pep34vacances.com\/centre-malibert\/wp-json\/wp\/v2\/pages"}],"about":[{"href":"https:\/\/www.pep34vacances.com\/centre-malibert\/wp-json\/wp\/v2\/types\/page"}],"author":[{"embeddable":true,"href":"https:\/\/www.pep34vacances.com\/centre-malibert\/wp-json\/wp\/v2\/users\/1"}],"replies":[{"embeddable":true,"href":"https:\/\/www.pep34vacances.com\/centre-malibert\/wp-json\/wp\/v2\/comments?post=34"}],"version-history":[{"count":8,"href":"https:\/\/www.pep34vacances.com\/centre-malibert\/wp-json\/wp\/v2\/pages\/34\/revisions"}],"predecessor-version":[{"id":862,"href":"https:\/\/www.pep34vacances.com\/centre-malibert\/wp-json\/wp\/v2\/pages\/34\/revisions\/862"}],"up":[{"embeddable":true,"href":"https:\/\/www.pep34vacances.com\/centre-malibert\/wp-json\/wp\/v2\/pages\/28"}],"wp:attachment":[{"href":"https:\/\/www.pep34vacances.com\/centre-malibert\/wp-json\/wp\/v2\/media?parent=34"}],"curies":[{"name":"wp","href":"https:\/\/api.w.org\/{rel}","templated":true}]}}