 
 
{"id":46,"date":"2015-11-24T16:55:14","date_gmt":"2015-11-24T15:55:14","guid":{"rendered":"https:\/\/www.pep34vacances.com\/centre-malibert\/?page_id=46"},"modified":"2017-02-07T10:43:39","modified_gmt":"2017-02-07T09:43:39","slug":"groupes","status":"publish","type":"page","link":"https:\/\/www.pep34vacances.com\/centre-malibert\/groupes\/","title":{"rendered":"Les groupes"},"content":{"rendered":"<div id=\"lipsum\">\n<div id=\"lipsum\">\n<h2>Nos solutions d\u2019h\u00e9bergement<\/h2>\n<p>Le\u00a0centre de vacances Malibert\u00a0peut accueillir les associations et les groupes constitu\u00e9s qui recherchent un lieu d\u2019h\u00e9bergement pour un court s\u00e9jour\u00a0de maximum 5 jours.<\/p>\n<p>Cet h\u00e9bergement peut se faire en autonomie compl\u00e8te ou avec la pr\u00e9sence de notre \u00e9quipe d\u2019encadrement. Cependant, la cuisine au centre requiert\u00a0la pr\u00e9sence du personnel du centre de vacances de Malibert.<\/p>\n<p>Il est \u00e9galement possible d\u2019avoir acc\u00e8s aux infrastructures du centre afin d\u2019effectuer des activit\u00e9s hors du commun avec la pr\u00e9sence de notre encadrement : astronomie, balades, mini-ferme...<\/p>\n<a href=\"https:\/\/www.pep34vacances.com\/contact\/\" title=\"CONTACT\" class=\"btn btn-primary btn-normal btn-inline \" target=\"_self\"><i class=\"icon-arrow-right\"><\/i>CONTACT<\/a><!-- .btn -->\n<\/div>\n<\/div>\n","protected":false},"excerpt":{"rendered":"Nos solutions d\u2019h\u00e9bergement Le\u00a0centre de vacances Malibert\u00a0peut accueillir les associations et les groupes constitu\u00e9s qui recherchent un lieu d\u2019h\u00e9bergement pour un court s\u00e9jour\u00a0de maximum 5 jours. Cet h\u00e9bergement peut se faire en autonomie compl\u00e8te ou avec la pr\u00e9sence de notre \u00e9quipe d\u2019encadrement. Cependant, la cuisine au centre requiert\u00a0la pr\u00e9sence du personnel du centre de vacances de Malibert. Il est \u00e9galement&nbsp;<a href=\"https:\/\/www.pep34vacances.com\/centre-malibert\/groupes\/\" class=\"read-more\">Lire la suite<\/a>","protected":false},"author":1,"featured_media":0,"parent":0,"menu_order":0,"comment_status":"closed","ping_status":"closed","template":"","meta":{"footnotes":""},"_links":{"self":[{"href":"https:\/\/www.pep34vacances.com\/centre-malibert\/wp-json\/wp\/v2\/pages\/46"}],"collection":[{"href":"https:\/\/www.pep34vacances.com\/centre-malibert\/wp-json\/wp\/v2\/pages"}],"about":[{"href":"https:\/\/www.pep34vacances.com\/centre-malibert\/wp-json\/wp\/v2\/types\/page"}],"author":[{"embeddable":true,"href":"https:\/\/www.pep34vacances.com\/centre-malibert\/wp-json\/wp\/v2\/users\/1"}],"replies":[{"embeddable":true,"href":"https:\/\/www.pep34vacances.com\/centre-malibert\/wp-json\/wp\/v2\/comments?post=46"}],"version-history":[{"count":0,"href":"https:\/\/www.pep34vacances.com\/centre-malibert\/wp-json\/wp\/v2\/pages\/46\/revisions"}],"wp:attachment":[{"href":"https:\/\/www.pep34vacances.com\/centre-malibert\/wp-json\/wp\/v2\/media?parent=46"}],"curies":[{"name":"wp","href":"https:\/\/api.w.org\/{rel}","templated":true}]}}