 
 
{"id":909,"date":"2026-02-25T13:32:43","date_gmt":"2026-02-25T12:32:43","guid":{"rendered":"https:\/\/www.pep34vacances.com\/centre-malibert\/?page_id=909"},"modified":"2026-02-25T13:47:00","modified_gmt":"2026-02-25T12:47:00","slug":"ados-eau-vive","status":"publish","type":"page","link":"https:\/\/www.pep34vacances.com\/centre-malibert\/colonies-de-vacances\/ados-eau-vive\/","title":{"rendered":"Ados Eau Vive"},"content":{"rendered":"<p><a href=\"https:\/\/www.pep34vacances.com\/centre-malibert\/wp-content\/uploads\/sites\/3\/2026\/02\/capture-affiche-colo-2026-ados.png\"><img loading=\"lazy\" decoding=\"async\" class=\"alignnone size-full wp-image-910\" src=\"https:\/\/www.pep34vacances.com\/centre-malibert\/wp-content\/uploads\/sites\/3\/2026\/02\/capture-affiche-colo-2026-ados.png\" alt=\"\" width=\"575\" height=\"854\" srcset=\"https:\/\/www.pep34vacances.com\/centre-malibert\/wp-content\/uploads\/sites\/3\/2026\/02\/capture-affiche-colo-2026-ados.png 575w, https:\/\/www.pep34vacances.com\/centre-malibert\/wp-content\/uploads\/sites\/3\/2026\/02\/capture-affiche-colo-2026-ados-202x300.png 202w, https:\/\/www.pep34vacances.com\/centre-malibert\/wp-content\/uploads\/sites\/3\/2026\/02\/capture-affiche-colo-2026-ados-250x371.png 250w\" sizes=\"(max-width: 575px) 100vw, 575px\" \/><\/a><\/p>\n<h2>Pr\u00e9sentation du centre<\/h2>\n<p>Ancienne ferme enti\u00e8rement r\u00e9nov\u00e9e et implant\u00e9e sur un domaine de 240 hectares, le centre est situ\u00e9 \u00e0 30 kms de B\u00e9ziers, \u00e0 la limite du Tarn et de l'Aude.<br \/>\nOn y acc\u00e8de \u00e0 partir de Saint-Chinian en remontant la Vall\u00e9e de Vernazobre. Le centre, dot\u00e9 de l'agr\u00e9ment PMI et UAI, poss\u00e8de 6 salles de classe, 1 salle chemin\u00e9e, 5 unit\u00e9s de couchage avec sanitaire, 1 salle plan\u00e9tarium, 1 observatoire astronomique, des sentiers balis\u00e9s et une piscine.<\/p>\n<h3>P\u00e9riodes de s\u00e9jours 2026 (13-17 ans)<\/h3>\n<p><strong>Les activit\u00e9s propos\u00e9es sur le s\u00e9jour\u00a0 Eau Vive\u00a0<\/strong><\/p>\n<p>- 2 journ\u00e9es cano\u00eb descente de l'orbe<\/p>\n<p>- 1 s\u00e9ance de canyoning<\/p>\n<p>- l'astronomie : coupole d'observation, t\u00e9lescopes<\/p>\n<p>- piscine d'\u00e9t\u00e9<\/p>\n<p>- Randonn\u00e9e<\/p>\n<p><strong>S\u00e9jours de 8 jours<\/strong><\/p>\n<ul>\n<li class=\"p1\"><span class=\"fontstyle0\">Du 12 au 19 juillet<\/span><\/li>\n<li class=\"p1\"><span class=\"fontstyle0\">Du 19 au 26 juillet<\/span><\/li>\n<li class=\"p1\"><span class=\"fontstyle0\">Du 26 juillet au 02 ao\u00fbt<\/span><\/li>\n<li class=\"p1\"><span class=\"fontstyle0\">Du 02 au 09 ao\u00fbt<\/span><\/li>\n<li class=\"p1\"><span class=\"fontstyle0\">Du 09 au 16 ao\u00fbt<\/span><\/li>\n<\/ul>\n<p><strong>S\u00e9jours de 15 jours<\/strong><\/p>\n<p>En fonction des d\u00e9parts et des arriv\u00e9es sur les s\u00e9jours de 8 jours<\/p>\n<h3><strong>Tarifs 2026<\/strong><\/h3>\n<ul>\n<li>S\u00e9jours de 8 jours : \u00e0 partir de 800 \u20ac -\u00a0 hors transport (<em>Transport\u00a0 au d\u00e9part de Montpellier ou B\u00e9ziers)<\/em><\/li>\n<\/ul>\n<p><em> Possibilit\u00e9 de paiement en plusieurs fois<\/em><\/p>\n<p>le dossier d'inscription est disponible sur demande \u00e0 l'adresse : vacances@adpep34.org<\/p>\n<h2>Plus d'informations<\/h2>\n<p>Centre Malibert<br \/>\nBabeau-Bouldoux<br \/>\n34360 Saint-Chinian<\/p>\n<p>INSCRIPTIONS :<\/p>\n<p>vacances@adpep34.org<\/p>\n<p>04 67 38 04 61<\/p>\n<a href=\"https:\/\/www.pep34vacances.com\/contact\/\" title=\"CONTACT\" class=\"btn btn-primary btn-normal btn-inline \" target=\"_self\"><i class=\"icon-arrow-right\"><\/i>CONTACT<\/a><!-- .btn -->\n","protected":false},"excerpt":{"rendered":"Pr\u00e9sentation du centre Ancienne ferme enti\u00e8rement r\u00e9nov\u00e9e et implant\u00e9e sur un domaine de 240 hectares, le centre est situ\u00e9 \u00e0 30 kms de B\u00e9ziers, \u00e0 la limite du Tarn et de l'Aude. On y acc\u00e8de \u00e0 partir de Saint-Chinian en remontant la Vall\u00e9e de Vernazobre. Le centre, dot\u00e9 de l'agr\u00e9ment PMI et UAI, poss\u00e8de 6 salles de classe, 1 salle&nbsp;<a href=\"https:\/\/www.pep34vacances.com\/centre-malibert\/colonies-de-vacances\/ados-eau-vive\/\" class=\"read-more\">Lire la suite<\/a>","protected":false},"author":1,"featured_media":0,"parent":38,"menu_order":0,"comment_status":"closed","ping_status":"closed","template":"","meta":{"footnotes":""},"_links":{"self":[{"href":"https:\/\/www.pep34vacances.com\/centre-malibert\/wp-json\/wp\/v2\/pages\/909"}],"collection":[{"href":"https:\/\/www.pep34vacances.com\/centre-malibert\/wp-json\/wp\/v2\/pages"}],"about":[{"href":"https:\/\/www.pep34vacances.com\/centre-malibert\/wp-json\/wp\/v2\/types\/page"}],"author":[{"embeddable":true,"href":"https:\/\/www.pep34vacances.com\/centre-malibert\/wp-json\/wp\/v2\/users\/1"}],"replies":[{"embeddable":true,"href":"https:\/\/www.pep34vacances.com\/centre-malibert\/wp-json\/wp\/v2\/comments?post=909"}],"version-history":[{"count":5,"href":"https:\/\/www.pep34vacances.com\/centre-malibert\/wp-json\/wp\/v2\/pages\/909\/revisions"}],"predecessor-version":[{"id":916,"href":"https:\/\/www.pep34vacances.com\/centre-malibert\/wp-json\/wp\/v2\/pages\/909\/revisions\/916"}],"up":[{"embeddable":true,"href":"https:\/\/www.pep34vacances.com\/centre-malibert\/wp-json\/wp\/v2\/pages\/38"}],"wp:attachment":[{"href":"https:\/\/www.pep34vacances.com\/centre-malibert\/wp-json\/wp\/v2\/media?parent=909"}],"curies":[{"name":"wp","href":"https:\/\/api.w.org\/{rel}","templated":true}]}}