 
 
{"id":10,"date":"2015-11-24T16:41:53","date_gmt":"2015-11-24T15:41:53","guid":{"rendered":"https:\/\/www.pep34vacances.com\/centre-palavas\/?page_id=10"},"modified":"2026-02-17T13:14:32","modified_gmt":"2026-02-17T12:14:32","slug":"presentation-et-localisation","status":"publish","type":"page","link":"https:\/\/www.pep34vacances.com\/centre-palavas\/presentation\/presentation-et-localisation\/","title":{"rendered":"Pr\u00e9sentation et localisation"},"content":{"rendered":"<div id=\"lipsum\">\n<p><a href=\"https:\/\/www.pep34vacances.com\/centre-palavas\/wp-content\/uploads\/sites\/2\/2026\/02\/Centre-drone-2.jpg\"><img loading=\"lazy\" decoding=\"async\" class=\"alignnone size-full wp-image-924\" src=\"https:\/\/www.pep34vacances.com\/centre-palavas\/wp-content\/uploads\/sites\/2\/2026\/02\/Centre-drone-2.jpg\" alt=\"\" width=\"805\" height=\"801\" srcset=\"https:\/\/www.pep34vacances.com\/centre-palavas\/wp-content\/uploads\/sites\/2\/2026\/02\/Centre-drone-2.jpg 805w, https:\/\/www.pep34vacances.com\/centre-palavas\/wp-content\/uploads\/sites\/2\/2026\/02\/Centre-drone-2-300x300.jpg 300w, https:\/\/www.pep34vacances.com\/centre-palavas\/wp-content\/uploads\/sites\/2\/2026\/02\/Centre-drone-2-150x150.jpg 150w, https:\/\/www.pep34vacances.com\/centre-palavas\/wp-content\/uploads\/sites\/2\/2026\/02\/Centre-drone-2-250x249.jpg 250w\" sizes=\"(max-width: 805px) 100vw, 805px\" \/><\/a><\/p>\n<h2>Entre mer et lagunes<\/h2>\n<p>Palavas-les-Flots est situ\u00e9 dans le d\u00e9partement de l\u2019H\u00e9rault, \u00e0 quelques kilom\u00e8tres au Sud de Montpellier.<\/p>\n<\/div>\n<div id=\"lipsum\">\n<p>Entre mer et lagunes, la ville, class\u00e9e station climatique, jouit d\u2019un climat m\u00e9diterran\u00e9en et s'est vue attribuer\u00a0les labellisations \"Natura 2000\" et \"Pavillon Bleu\".<\/p>\n<p>Le Grain de Sel est un centre permanent des Pupilles de l\u2019Enseignement Public de l\u2019H\u00e9rault. Il est situ\u00e9 dans un quartier r\u00e9sidentiel, entre la mer et la lagune, \u00e0 10 minutes \u00e0 pied du centre-ville de Palavas-les-Flots. La plage se situe \u00e0 50 m\u00e8tres du centre.<\/p>\n<p>Outre cette localisation id\u00e9ale en bord de mer, le centre se trouve \u00e9galement aux portes de la Camargue (situ\u00e9e \u00e0 15 km) et \u00e0 12 km de la ville de Montpellier.<\/p>\n<\/div>\n<p>Le centre a \u00e9t\u00e9 enti\u00e8rement refait \u00e0 neuf en 2022 pour permettre l\u2019accueil de 4 classes transplant\u00e9es, l'organisation de colonies de vacances et l'accueil de groupes constitu\u00e9s.<br \/>\nLe centre est aussi enti\u00e8rement \u00e9quip\u00e9 pour l'accueil du public en situation de handicap.<\/p>\n<p>La richesse de l'environnement proche nous permet de proposer diff\u00e9rents projets : environnement, histoire, Camargue, sport, art ...<\/p>\n<div id=\"lipsum\">\n<p>Le Grain de Sel<br \/>\n31 Avenue Saint-Maurice<br \/>\n34250 - Palavas-les-Flots<br \/>\n04 67 68 01 88<br \/>\ncentre.legraindesel@adpep34.org<\/p>\n<a href=\"https:\/\/www.pep34vacances.com\/contact\/\" title=\"CONTACT\" class=\"btn btn-primary btn-normal btn-inline \" target=\"_self\"><i class=\"icon-arrow-right\"><\/i>CONTACT<\/a><!-- .btn -->\n<p>&nbsp;<\/p>\n<\/div>\n<div id=\"lipsum\">\n<div class=\"google-map\"><iframe loading=\"lazy\" src=\"https:\/\/www.google.com\/maps\/embed?pb=!1m18!1m12!1m3!1d2892.5984261351946!2d3.940438651014925!3d43.53156616820318!2m3!1f0!2f0!3f0!3m2!1i1024!2i768!4f13.1!3m3!1m2!1s0x12b6baff59e9c317%3A0xbde6adc93d87ff4a!2s31+Avenue+Saint-Maurice%2C+34250+Palavas-les-Flots!5e0!3m2!1sen!2sfr!4v1454084658550\" frameborder=\"0\" width=\"800\" height=\"250\" marginwidth=\"0\" marginheight=\"0\" scrolling=\"no\"><\/iframe><\/div>\n<p>&gt; Autoroute A9\u00a0: Sortie n\u00b030 - Palavas-les-Flots<\/p>\n<\/div>\n","protected":false},"excerpt":{"rendered":"<p>Entre mer et lagunes Palavas-les-Flots est situ\u00e9 dans le d\u00e9partement de l\u2019H\u00e9rault, \u00e0 quelques kilom\u00e8tres au Sud de Montpellier. Entre mer et lagunes, la ville, class\u00e9e station climatique, jouit d\u2019un climat m\u00e9diterran\u00e9en et s'est vue attribuer\u00a0les labellisations \"Natura 2000\" et \"Pavillon Bleu\". Le Grain de Sel est un centre permanent des Pupilles de l\u2019Enseignement Public de l\u2019H\u00e9rault. Il est situ\u00e9&nbsp;<a href=\"https:\/\/www.pep34vacances.com\/centre-palavas\/presentation\/presentation-et-localisation\/\" class=\"read-more\">Lire la suite<\/a><\/p>\n","protected":false},"author":1,"featured_media":0,"parent":7,"menu_order":0,"comment_status":"closed","ping_status":"closed","template":"","meta":{"footnotes":""},"_links":{"self":[{"href":"https:\/\/www.pep34vacances.com\/centre-palavas\/wp-json\/wp\/v2\/pages\/10"}],"collection":[{"href":"https:\/\/www.pep34vacances.com\/centre-palavas\/wp-json\/wp\/v2\/pages"}],"about":[{"href":"https:\/\/www.pep34vacances.com\/centre-palavas\/wp-json\/wp\/v2\/types\/page"}],"author":[{"embeddable":true,"href":"https:\/\/www.pep34vacances.com\/centre-palavas\/wp-json\/wp\/v2\/users\/1"}],"replies":[{"embeddable":true,"href":"https:\/\/www.pep34vacances.com\/centre-palavas\/wp-json\/wp\/v2\/comments?post=10"}],"version-history":[{"count":4,"href":"https:\/\/www.pep34vacances.com\/centre-palavas\/wp-json\/wp\/v2\/pages\/10\/revisions"}],"predecessor-version":[{"id":923,"href":"https:\/\/www.pep34vacances.com\/centre-palavas\/wp-json\/wp\/v2\/pages\/10\/revisions\/923"}],"up":[{"embeddable":true,"href":"https:\/\/www.pep34vacances.com\/centre-palavas\/wp-json\/wp\/v2\/pages\/7"}],"wp:attachment":[{"href":"https:\/\/www.pep34vacances.com\/centre-palavas\/wp-json\/wp\/v2\/media?parent=10"}],"curies":[{"name":"wp","href":"https:\/\/api.w.org\/{rel}","templated":true}]}}

Présentation et localisation

<div id="lipsum">
<p><a href="https://www.pep34vacances.com/centre-palavas/wp-content/uploads/sites/2/2026/02/Centre-drone-2.jpg"><img loading="lazy" decoding="async" class="alignnone size-full wp-image-924" src="https://www.pep34vacances.com/centre-palavas/wp-content/uploads/sites/2/2026/02/Centre-drone-2.jpg" alt="" width="805" height="801" srcset="https://www.pep34vacances.com/centre-palavas/wp-content/uploads/sites/2/2026/02/Centre-drone-2.jpg 805w, https://www.pep34vacances.com/centre-palavas/wp-content/uploads/sites/2/2026/02/Centre-drone-2-300x300.jpg 300w, https://www.pep34vacances.com/centre-palavas/wp-content/uploads/sites/2/2026/02/Centre-drone-2-150x150.jpg 150w, https://www.pep34vacances.com/centre-palavas/wp-content/uploads/sites/2/2026/02/Centre-drone-2-250x249.jpg 250w" sizes="(max-width: 805px) 100vw, 805px" /></a></p>
<h2>Entre mer et lagunes</h2>
<p>Palavas-les-Flots est situé dans le département de l’Hérault, à quelques kilomètres au Sud de Montpellier.</p>
</div>
<div id="lipsum">
<p>Entre mer et lagunes, la ville, classée station climatique, jouit d’un climat méditerranéen et s'est vue attribuer les labellisations "Natura 2000" et "Pavillon Bleu".</p>
<p>Le Grain de Sel est un centre permanent des Pupilles de l’Enseignement Public de l’Hérault. Il est situé dans un quartier résidentiel, entre la mer et la lagune, à 10 minutes à pied du centre-ville de Palavas-les-Flots. La plage se situe à 50 mètres du centre.</p>
<p>Outre cette localisation idéale en bord de mer, le centre se trouve également aux portes de la Camargue (située à 15 km) et à 12 km de la ville de Montpellier.</p>
</div>
<p>Le centre a été entièrement refait à neuf en 2022 pour permettre l’accueil de 4 classes transplantées, l'organisation de colonies de vacances et l'accueil de groupes constitués.<br />
Le centre est aussi entièrement équipé pour l'accueil du public en situation de handicap.</p>
<p>La richesse de l'environnement proche nous permet de proposer différents projets : environnement, histoire, Camargue, sport, art ...</p>
<div id="lipsum">
<p>Le Grain de Sel<br />
31 Avenue Saint-Maurice<br />
34250 - Palavas-les-Flots<br />
04 67 68 01 88<br />
centre.legraindesel@adpep34.org</p>
<a href="https://www.pep34vacances.com/contact/" title="CONTACT" class="btn btn-primary btn-normal btn-inline " target="_self"><i class="icon-arrow-right"></i>CONTACT</a><!-- .btn -->
<p>&nbsp;</p>
</div>
<div id="lipsum">
<div class="google-map"><iframe loading="lazy" src="https://www.google.com/maps/embed?pb=!1m18!1m12!1m3!1d2892.5984261351946!2d3.940438651014925!3d43.53156616820318!2m3!1f0!2f0!3f0!3m2!1i1024!2i768!4f13.1!3m3!1m2!1s0x12b6baff59e9c317%3A0xbde6adc93d87ff4a!2s31+Avenue+Saint-Maurice%2C+34250+Palavas-les-Flots!5e0!3m2!1sen!2sfr!4v1454084658550" frameborder="0" width="800" height="250" marginwidth="0" marginheight="0" scrolling="no"></iframe></div>
<p>&gt; Autoroute A9 : Sortie n°30 - Palavas-les-Flots</p>
</div>

<p>Entre mer et lagunes Palavas-les-Flots est situé dans le département de l’Hérault, à quelques kilomètres au Sud de Montpellier. Entre mer et lagunes, la ville, classée station climatique, jouit d’un climat méditerranéen et s'est vue attribuer les labellisations "Natura 2000" et "Pavillon Bleu". Le Grain de Sel est un centre permanent des Pupilles de l’Enseignement Public de l’Hérault. Il est situé&nbsp;<a href="https://www.pep34vacances.com/centre-palavas/presentation/presentation-et-localisation/" class="read-more">Lire la suite</a></p>
