 
 
{"id":139,"date":"2015-12-01T17:30:39","date_gmt":"2015-12-01T16:30:39","guid":{"rendered":"https:\/\/www.pep34vacances.com\/centre-palavas\/?page_id=139"},"modified":"2026-02-17T12:30:40","modified_gmt":"2026-02-17T11:30:40","slug":"mot-du-directeur","status":"publish","type":"page","link":"https:\/\/www.pep34vacances.com\/centre-palavas\/presentation\/mot-du-directeur\/","title":{"rendered":"Le mot du directeur"},"content":{"rendered":"<h1><a href=\"https:\/\/www.pep34vacances.com\/centre-palavas\/wp-content\/uploads\/sites\/2\/2016\/03\/pep34-centre-palavas-enfants-ados.jpg\"><img loading=\"lazy\" decoding=\"async\" class=\"aligncenter wp-image-725 size-full\" src=\"https:\/\/www.pep34vacances.com\/centre-palavas\/wp-content\/uploads\/sites\/2\/2016\/03\/pep34-centre-palavas-enfants-ados.jpg\" alt=\"Les colonies de vacances PEP 34 au centre de Palavas-les-Flots.\" width=\"800\" height=\"389\" srcset=\"https:\/\/www.pep34vacances.com\/centre-palavas\/wp-content\/uploads\/sites\/2\/2016\/03\/pep34-centre-palavas-enfants-ados.jpg 800w, https:\/\/www.pep34vacances.com\/centre-palavas\/wp-content\/uploads\/sites\/2\/2016\/03\/pep34-centre-palavas-enfants-ados-300x146.jpg 300w, https:\/\/www.pep34vacances.com\/centre-palavas\/wp-content\/uploads\/sites\/2\/2016\/03\/pep34-centre-palavas-enfants-ados-250x122.jpg 250w, https:\/\/www.pep34vacances.com\/centre-palavas\/wp-content\/uploads\/sites\/2\/2016\/03\/pep34-centre-palavas-enfants-ados-100x50.jpg 100w\" sizes=\"(max-width: 800px) 100vw, 800px\" \/><\/a><\/h1>\n<p>&nbsp;<\/p>\n<h2>\u00ab\u00a0Palavas Les Flots\u00a0! \u00bb<\/h2>\n<p>Qu\u2019est-ce que \u00e7a vous \u00e9voque\u00a0?<br \/>\nLa mer, les plages, le soleil, la Camargue, Montpellier, les lagunes, les Flamants roses\u2026.<\/p>\n<h2>\u00c7a vous tente\u00a0? Alors, nous vous attendons\u00a0!<\/h2>\n<p>Quel que soit votre projet, classes de d\u00e9couverte, colonies de vacances, s\u00e9jours sportifs\u2026.nous serons \u00e0 votre \u00e9coute\u00a0pour vous accompagner dans l\u2019\u00e9laboration de celui-ci.<\/p>\n<p>Sur\u00a0 place, toute notre \u00e9quipe, professionnelle et exp\u00e9riment\u00e9e, mettra tout en \u0153uvre pour la r\u00e9ussite de votre s\u00e9jour dans une ambiance conviviale.<\/p>\n<p>Au plaisir de vous accueillir.<\/p>\n<p>&nbsp;<\/p>\n<p>L\u00e9na\u00efg Diridollou\u00a0: Directrice adjointe<br \/>\nJ\u00e9r\u00f4me Piolet : Coordinateur<br \/>\nJ\u00e9r\u00f4me Cannet\u00a0: Directeur<\/p>\n<p>&nbsp;<\/p>\n<p>&nbsp;<\/p>\n","protected":false},"excerpt":{"rendered":"<p>&nbsp; \u00ab\u00a0Palavas Les Flots\u00a0! \u00bb Qu\u2019est-ce que \u00e7a vous \u00e9voque\u00a0? La mer, les plages, le soleil, la Camargue, Montpellier, les lagunes, les Flamants roses\u2026. \u00c7a vous tente\u00a0? Alors, nous vous attendons\u00a0! Quel que soit votre projet, classes de d\u00e9couverte, colonies de vacances, s\u00e9jours sportifs\u2026.nous serons \u00e0 votre \u00e9coute\u00a0pour vous accompagner dans l\u2019\u00e9laboration de celui-ci. Sur\u00a0 place, toute notre \u00e9quipe, professionnelle&nbsp;<a href=\"https:\/\/www.pep34vacances.com\/centre-palavas\/presentation\/mot-du-directeur\/\" class=\"read-more\">Lire la suite<\/a><\/p>\n","protected":false},"author":5,"featured_media":0,"parent":7,"menu_order":0,"comment_status":"closed","ping_status":"closed","template":"","meta":{"footnotes":""},"_links":{"self":[{"href":"https:\/\/www.pep34vacances.com\/centre-palavas\/wp-json\/wp\/v2\/pages\/139"}],"collection":[{"href":"https:\/\/www.pep34vacances.com\/centre-palavas\/wp-json\/wp\/v2\/pages"}],"about":[{"href":"https:\/\/www.pep34vacances.com\/centre-palavas\/wp-json\/wp\/v2\/types\/page"}],"author":[{"embeddable":true,"href":"https:\/\/www.pep34vacances.com\/centre-palavas\/wp-json\/wp\/v2\/users\/5"}],"replies":[{"embeddable":true,"href":"https:\/\/www.pep34vacances.com\/centre-palavas\/wp-json\/wp\/v2\/comments?post=139"}],"version-history":[{"count":3,"href":"https:\/\/www.pep34vacances.com\/centre-palavas\/wp-json\/wp\/v2\/pages\/139\/revisions"}],"predecessor-version":[{"id":911,"href":"https:\/\/www.pep34vacances.com\/centre-palavas\/wp-json\/wp\/v2\/pages\/139\/revisions\/911"}],"up":[{"embeddable":true,"href":"https:\/\/www.pep34vacances.com\/centre-palavas\/wp-json\/wp\/v2\/pages\/7"}],"wp:attachment":[{"href":"https:\/\/www.pep34vacances.com\/centre-palavas\/wp-json\/wp\/v2\/media?parent=139"}],"curies":[{"name":"wp","href":"https:\/\/api.w.org\/{rel}","templated":true}]}}