 
 
{"id":144,"date":"2015-12-01T17:37:31","date_gmt":"2015-12-01T16:37:31","guid":{"rendered":"https:\/\/www.pep34vacances.com\/centre-palavas\/?page_id=144"},"modified":"2017-01-27T13:25:00","modified_gmt":"2017-01-27T12:25:00","slug":"landart","status":"publish","type":"page","link":"https:\/\/www.pep34vacances.com\/centre-palavas\/activites\/landart\/","title":{"rendered":"Activit\u00e9 Land&#8217;Art"},"content":{"rendered":"\t\r\n\t\t\r\n\t<div id=\"meteor-slideshowactivite-landart\" class=\"meteor-slides activite-landart navnone { next: '#meteor-nextactivite-landart', prev: '#meteor-prevactivite-landart', pager: '#meteor-buttonsactivite-landart' }\">\r\n\t\r\n\t\t\t\r\n\t\t\t\t\r\n\t\t\t\r\n\t\t<div class=\"meteor-clip\">\r\n\t\r\n\t\t\t\t\r\n\t\t\t<img decoding=\"async\" style=\"visibility: hidden;\" class=\"meteor-shim\" src=\"https:\/\/www.pep34vacances.com\/centre-palavas\/wp-content\/uploads\/sites\/2\/2016\/03\/pep34-colonies-vacances-palavas-landart-mer.jpg\" alt=\"\" \/>\r\n\t\t\t<div class=\"mslide mslide-1\">\r\n\t\t\t\t\r\n\t\t\t\t\t\t\t\t\t\r\n\t\t\t\t\t<img loading=\"lazy\" decoding=\"async\" width=\"800\" height=\"389\" src=\"https:\/\/www.pep34vacances.com\/centre-palavas\/wp-content\/uploads\/sites\/2\/2016\/03\/pep34-colonies-vacances-palavas-landart-mer.jpg\" class=\"attachment-featured-slide size-featured-slide wp-post-image\" alt=\"Land&#039;Art \u00e0 Palavas avec les PEP 34.\" title=\"pep34-colonies-vacances-palavas-landart-mer\" srcset=\"https:\/\/www.pep34vacances.com\/centre-palavas\/wp-content\/uploads\/sites\/2\/2016\/03\/pep34-colonies-vacances-palavas-landart-mer.jpg 800w, https:\/\/www.pep34vacances.com\/centre-palavas\/wp-content\/uploads\/sites\/2\/2016\/03\/pep34-colonies-vacances-palavas-landart-mer-300x146.jpg 300w, https:\/\/www.pep34vacances.com\/centre-palavas\/wp-content\/uploads\/sites\/2\/2016\/03\/pep34-colonies-vacances-palavas-landart-mer-250x122.jpg 250w, https:\/\/www.pep34vacances.com\/centre-palavas\/wp-content\/uploads\/sites\/2\/2016\/03\/pep34-colonies-vacances-palavas-landart-mer-100x50.jpg 100w\" sizes=\"(max-width: 800px) 100vw, 800px\" \/>\t\t\t\t\t\r\n\t\t\t\t\t\t\t\r\n\t\t\t<\/div><!-- .mslide -->\r\n\t\t\t\r\n\t\t\t\t\t\t\r\n\t\t\t\t\r\n\t\t\t\r\n\t\t\t<div class=\"mslide mslide-2\">\r\n\t\t\t\t\r\n\t\t\t\t\t\t\t\t\t\r\n\t\t\t\t\t<img loading=\"lazy\" decoding=\"async\" width=\"800\" height=\"389\" src=\"https:\/\/www.pep34vacances.com\/centre-palavas\/wp-content\/uploads\/sites\/2\/2016\/01\/PEP34-ACTIVITES-PLAGE-ENFANT-PALAVAS-JEUX-MER.jpg\" class=\"attachment-featured-slide size-featured-slide wp-post-image\" alt=\"Colonies de vacances PEP 34 \u00e0 Palavas : activit\u00e9 laisses de mer.\" title=\"PEP34-ACTIVITES-PLAGE-ENFANT-PALAVAS-JEUX-MER-\" srcset=\"https:\/\/www.pep34vacances.com\/centre-palavas\/wp-content\/uploads\/sites\/2\/2016\/01\/PEP34-ACTIVITES-PLAGE-ENFANT-PALAVAS-JEUX-MER.jpg 800w, https:\/\/www.pep34vacances.com\/centre-palavas\/wp-content\/uploads\/sites\/2\/2016\/01\/PEP34-ACTIVITES-PLAGE-ENFANT-PALAVAS-JEUX-MER-300x146.jpg 300w, https:\/\/www.pep34vacances.com\/centre-palavas\/wp-content\/uploads\/sites\/2\/2016\/01\/PEP34-ACTIVITES-PLAGE-ENFANT-PALAVAS-JEUX-MER-250x122.jpg 250w, https:\/\/www.pep34vacances.com\/centre-palavas\/wp-content\/uploads\/sites\/2\/2016\/01\/PEP34-ACTIVITES-PLAGE-ENFANT-PALAVAS-JEUX-MER-100x50.jpg 100w\" sizes=\"(max-width: 800px) 100vw, 800px\" \/>\t\t\t\t\t\r\n\t\t\t\t\t\t\t\r\n\t\t\t<\/div><!-- .mslide -->\r\n\t\t\t\r\n\t\t\t\t\t\t\r\n\t\t\t\t\r\n\t\t<\/div><!-- .meteor-clip -->\r\n\t\t\t\t\r\n\t\t\t\t\t\r\n\t<\/div><!-- .meteor-slides -->\r\n\t\r\n\t\n<p>&nbsp;<\/p>\n<h2>D\u00e9roulement de l'atelier<\/h2>\n<p>Apr\u00e8s une r\u00e9colte de tout ce qu\u2019a rejet\u00e9 la mer sur la plage, nous trierons ces laisses en diff\u00e9rentes cat\u00e9gories (animal, v\u00e9g\u00e9tal, min\u00e9ral, artificiel, polluant ou non). Cela permet une approche de la diversit\u00e9 faunistique du milieu, de sensibiliser les enfants \u00e0 l\u2019impact de l\u2019homme sur l\u2019\u00e9cosyst\u00e8me plage et de la n\u00e9cessit\u00e9 de le prot\u00e9ger pour le pr\u00e9server.<\/p>\n<p>Cette activit\u00e9 de d\u00e9couverte peut trouver un prolongement artistique et ludique au travers du land\u2019art : cr\u00e9ation sur la plage d\u2019\u0153uvres \u00e9ph\u00e9m\u00e8res en utilisant les laisses de mer.<\/p>\n<p>Selon le projet de la classe, il est possible d\u2019orienter l\u2019activit\u00e9 soit sur une unique th\u00e9matique (l\u2019impact de l\u2019homme sur l\u2019\u00e9cosyst\u00e8me plage, la faune, le min\u00e9ral et le v\u00e9g\u00e9tal, les coquillages, ...) soit sur une \u00e9tude globale de l\u2019\u00e9cosyst\u00e8me plage au travers des laisses de mer.<\/p>\n<p><strong>Cette activit\u00e9 de d\u00e9couverte peut \u00eatre men\u00e9e soit par un animateur technique du centre soit par un animateur technique de l\u2019association Labelbleu.<\/strong><\/p>\n<p><strong>Niveau<\/strong> : Cycles 2 et 3. Pour le cycle 2 l\u2019approche est surtout sensorielle<br \/>\n<strong>Lieu<\/strong> : sur la plage en face du centre. D\u00e9placement \u00e0 pied<br \/>\n<strong>Dur\u00e9e<\/strong> : de 2h00 \u00e0 2h30<\/p>\n","protected":false},"excerpt":{"rendered":"<p>&nbsp; D\u00e9roulement de l'atelier Apr\u00e8s une r\u00e9colte de tout ce qu\u2019a rejet\u00e9 la mer sur la plage, nous trierons ces laisses en diff\u00e9rentes cat\u00e9gories (animal, v\u00e9g\u00e9tal, min\u00e9ral, artificiel, polluant ou non). Cela permet une approche de la diversit\u00e9 faunistique du milieu, de sensibiliser les enfants \u00e0 l\u2019impact de l\u2019homme sur l\u2019\u00e9cosyst\u00e8me plage et de la n\u00e9cessit\u00e9 de le prot\u00e9ger pour&nbsp;<a href=\"https:\/\/www.pep34vacances.com\/centre-palavas\/activites\/landart\/\" class=\"read-more\">Lire la suite<\/a><\/p>\n","protected":false},"author":5,"featured_media":0,"parent":22,"menu_order":0,"comment_status":"closed","ping_status":"closed","template":"","meta":{"footnotes":""},"_links":{"self":[{"href":"https:\/\/www.pep34vacances.com\/centre-palavas\/wp-json\/wp\/v2\/pages\/144"}],"collection":[{"href":"https:\/\/www.pep34vacances.com\/centre-palavas\/wp-json\/wp\/v2\/pages"}],"about":[{"href":"https:\/\/www.pep34vacances.com\/centre-palavas\/wp-json\/wp\/v2\/types\/page"}],"author":[{"embeddable":true,"href":"https:\/\/www.pep34vacances.com\/centre-palavas\/wp-json\/wp\/v2\/users\/5"}],"replies":[{"embeddable":true,"href":"https:\/\/www.pep34vacances.com\/centre-palavas\/wp-json\/wp\/v2\/comments?post=144"}],"version-history":[{"count":0,"href":"https:\/\/www.pep34vacances.com\/centre-palavas\/wp-json\/wp\/v2\/pages\/144\/revisions"}],"up":[{"embeddable":true,"href":"https:\/\/www.pep34vacances.com\/centre-palavas\/wp-json\/wp\/v2\/pages\/22"}],"wp:attachment":[{"href":"https:\/\/www.pep34vacances.com\/centre-palavas\/wp-json\/wp\/v2\/media?parent=144"}],"curies":[{"name":"wp","href":"https:\/\/api.w.org\/{rel}","templated":true}]}}