 
 
{"id":166,"date":"2015-12-01T17:49:24","date_gmt":"2015-12-01T16:49:24","guid":{"rendered":"https:\/\/www.pep34vacances.com\/centre-palavas\/?page_id=166"},"modified":"2017-01-27T13:35:47","modified_gmt":"2017-01-27T12:35:47","slug":"voile","status":"publish","type":"page","link":"https:\/\/www.pep34vacances.com\/centre-palavas\/activites\/voile\/","title":{"rendered":"Optimists et catamarans"},"content":{"rendered":"<h3>\t\r\n\t\t\r\n\t<div id=\"meteor-slideshowactivite-voile\" class=\"meteor-slides activite-voile navnone { next: '#meteor-nextactivite-voile', prev: '#meteor-prevactivite-voile', pager: '#meteor-buttonsactivite-voile' }\">\r\n\t\r\n\t\t\t\r\n\t\t\t\t\r\n\t\t\t\r\n\t\t<div class=\"meteor-clip\">\r\n\t\r\n\t\t\t\t\r\n\t\t\t<img decoding=\"async\" style=\"visibility: hidden;\" class=\"meteor-shim\" src=\"https:\/\/www.pep34vacances.com\/centre-palavas\/wp-content\/uploads\/sites\/2\/2016\/01\/PEP34-ACTIVITE-VOILE-PALAVAS-PLAGE-LOISIR-ENFANTS-4.jpg\" alt=\"\" \/>\r\n\t\t\t<div class=\"mslide mslide-1\">\r\n\t\t\t\t\r\n\t\t\t\t\t\t\t\t\t\r\n\t\t\t\t\t<img loading=\"lazy\" decoding=\"async\" width=\"800\" height=\"389\" src=\"https:\/\/www.pep34vacances.com\/centre-palavas\/wp-content\/uploads\/sites\/2\/2016\/01\/PEP34-ACTIVITE-VOILE-PALAVAS-PLAGE-LOISIR-ENFANTS-4.jpg\" class=\"attachment-featured-slide size-featured-slide wp-post-image\" alt=\"Colonies de vacances PEP 34 \u00e0 Palavas : activit\u00e9 voile.\" title=\"PEP34-ACTIVITE-VOILE-PALAVAS-PLAGE-LOISIR-ENFANTS\" srcset=\"https:\/\/www.pep34vacances.com\/centre-palavas\/wp-content\/uploads\/sites\/2\/2016\/01\/PEP34-ACTIVITE-VOILE-PALAVAS-PLAGE-LOISIR-ENFANTS-4.jpg 800w, https:\/\/www.pep34vacances.com\/centre-palavas\/wp-content\/uploads\/sites\/2\/2016\/01\/PEP34-ACTIVITE-VOILE-PALAVAS-PLAGE-LOISIR-ENFANTS-4-300x146.jpg 300w, https:\/\/www.pep34vacances.com\/centre-palavas\/wp-content\/uploads\/sites\/2\/2016\/01\/PEP34-ACTIVITE-VOILE-PALAVAS-PLAGE-LOISIR-ENFANTS-4-250x122.jpg 250w, https:\/\/www.pep34vacances.com\/centre-palavas\/wp-content\/uploads\/sites\/2\/2016\/01\/PEP34-ACTIVITE-VOILE-PALAVAS-PLAGE-LOISIR-ENFANTS-4-100x50.jpg 100w\" sizes=\"(max-width: 800px) 100vw, 800px\" \/>\t\t\t\t\t\r\n\t\t\t\t\t\t\t\r\n\t\t\t<\/div><!-- .mslide -->\r\n\t\t\t\r\n\t\t\t\t\t\t\r\n\t\t\t\t\r\n\t\t\t\r\n\t\t\t<div class=\"mslide mslide-2\">\r\n\t\t\t\t\r\n\t\t\t\t\t\t\t\t\t\r\n\t\t\t\t\t<img loading=\"lazy\" decoding=\"async\" width=\"800\" height=\"389\" src=\"https:\/\/www.pep34vacances.com\/centre-palavas\/wp-content\/uploads\/sites\/2\/2016\/01\/PEP34-ACTIVITE-VOILE-PALAVAS-PLAGE-LOISIR-ENFANTS-3.jpg\" class=\"attachment-featured-slide size-featured-slide wp-post-image\" alt=\"Colonies de vacances PEP 34 \u00e0 Palavas : activit\u00e9 voile.\" title=\"PEP34-ACTIVITE-VOILE-PALAVAS-PLAGE-LOISIR-ENFANTS\" srcset=\"https:\/\/www.pep34vacances.com\/centre-palavas\/wp-content\/uploads\/sites\/2\/2016\/01\/PEP34-ACTIVITE-VOILE-PALAVAS-PLAGE-LOISIR-ENFANTS-3.jpg 800w, https:\/\/www.pep34vacances.com\/centre-palavas\/wp-content\/uploads\/sites\/2\/2016\/01\/PEP34-ACTIVITE-VOILE-PALAVAS-PLAGE-LOISIR-ENFANTS-3-300x146.jpg 300w, https:\/\/www.pep34vacances.com\/centre-palavas\/wp-content\/uploads\/sites\/2\/2016\/01\/PEP34-ACTIVITE-VOILE-PALAVAS-PLAGE-LOISIR-ENFANTS-3-250x122.jpg 250w, https:\/\/www.pep34vacances.com\/centre-palavas\/wp-content\/uploads\/sites\/2\/2016\/01\/PEP34-ACTIVITE-VOILE-PALAVAS-PLAGE-LOISIR-ENFANTS-3-100x50.jpg 100w\" sizes=\"(max-width: 800px) 100vw, 800px\" \/>\t\t\t\t\t\r\n\t\t\t\t\t\t\t\r\n\t\t\t<\/div><!-- .mslide -->\r\n\t\t\t\r\n\t\t\t\t\t\t\r\n\t\t\t\t\r\n\t\t\t\r\n\t\t\t<div class=\"mslide mslide-3\">\r\n\t\t\t\t\r\n\t\t\t\t\t\t\t\t\t\r\n\t\t\t\t\t<img loading=\"lazy\" decoding=\"async\" width=\"800\" height=\"389\" src=\"https:\/\/www.pep34vacances.com\/centre-palavas\/wp-content\/uploads\/sites\/2\/2016\/01\/PEP34-ACTIVITE-VOILE-PALAVAS-PLAGE-LOISIR-ENFANTS-2.jpg\" class=\"attachment-featured-slide size-featured-slide wp-post-image\" alt=\"Colonies de vacances PEP 34 \u00e0 Palavas : activit\u00e9 voile.\" title=\"PEP34-ACTIVITE-VOILE-PALAVAS-PLAGE-LOISIR-ENFANTS\" srcset=\"https:\/\/www.pep34vacances.com\/centre-palavas\/wp-content\/uploads\/sites\/2\/2016\/01\/PEP34-ACTIVITE-VOILE-PALAVAS-PLAGE-LOISIR-ENFANTS-2.jpg 800w, https:\/\/www.pep34vacances.com\/centre-palavas\/wp-content\/uploads\/sites\/2\/2016\/01\/PEP34-ACTIVITE-VOILE-PALAVAS-PLAGE-LOISIR-ENFANTS-2-300x146.jpg 300w, https:\/\/www.pep34vacances.com\/centre-palavas\/wp-content\/uploads\/sites\/2\/2016\/01\/PEP34-ACTIVITE-VOILE-PALAVAS-PLAGE-LOISIR-ENFANTS-2-250x122.jpg 250w, https:\/\/www.pep34vacances.com\/centre-palavas\/wp-content\/uploads\/sites\/2\/2016\/01\/PEP34-ACTIVITE-VOILE-PALAVAS-PLAGE-LOISIR-ENFANTS-2-100x50.jpg 100w\" sizes=\"(max-width: 800px) 100vw, 800px\" \/>\t\t\t\t\t\r\n\t\t\t\t\t\t\t\r\n\t\t\t<\/div><!-- .mslide -->\r\n\t\t\t\r\n\t\t\t\t\t\t\r\n\t\t\t\t\r\n\t\t\t\r\n\t\t\t<div class=\"mslide mslide-4\">\r\n\t\t\t\t\r\n\t\t\t\t\t\t\t\t\t\r\n\t\t\t\t\t<img loading=\"lazy\" decoding=\"async\" width=\"800\" height=\"389\" src=\"https:\/\/www.pep34vacances.com\/centre-palavas\/wp-content\/uploads\/sites\/2\/2016\/01\/PEP34-ACTIVITE-VOILE-PALAVAS-PLAGE-LOISIR-ENFANTS-1.jpg\" class=\"attachment-featured-slide size-featured-slide wp-post-image\" alt=\"Colonies de vacances PEP 34 \u00e0 Palavas : activit\u00e9 voile.\" title=\"PEP34-ACTIVITE-VOILE-PALAVAS-PLAGE-LOISIR-ENFANTS\" srcset=\"https:\/\/www.pep34vacances.com\/centre-palavas\/wp-content\/uploads\/sites\/2\/2016\/01\/PEP34-ACTIVITE-VOILE-PALAVAS-PLAGE-LOISIR-ENFANTS-1.jpg 800w, https:\/\/www.pep34vacances.com\/centre-palavas\/wp-content\/uploads\/sites\/2\/2016\/01\/PEP34-ACTIVITE-VOILE-PALAVAS-PLAGE-LOISIR-ENFANTS-1-300x146.jpg 300w, https:\/\/www.pep34vacances.com\/centre-palavas\/wp-content\/uploads\/sites\/2\/2016\/01\/PEP34-ACTIVITE-VOILE-PALAVAS-PLAGE-LOISIR-ENFANTS-1-250x122.jpg 250w, https:\/\/www.pep34vacances.com\/centre-palavas\/wp-content\/uploads\/sites\/2\/2016\/01\/PEP34-ACTIVITE-VOILE-PALAVAS-PLAGE-LOISIR-ENFANTS-1-100x50.jpg 100w\" sizes=\"(max-width: 800px) 100vw, 800px\" \/>\t\t\t\t\t\r\n\t\t\t\t\t\t\t\r\n\t\t\t<\/div><!-- .mslide -->\r\n\t\t\t\r\n\t\t\t\t\t\t\r\n\t\t\t\t\r\n\t\t\t\r\n\t\t\t<div class=\"mslide mslide-5\">\r\n\t\t\t\t\r\n\t\t\t\t\t\t\t\t\t\r\n\t\t\t\t\t<img loading=\"lazy\" decoding=\"async\" width=\"800\" height=\"389\" src=\"https:\/\/www.pep34vacances.com\/centre-palavas\/wp-content\/uploads\/sites\/2\/2016\/01\/PEP34-ACTIVITE-VOILE-PALAVAS-PLAGE-LOISIR-ENFANTS.jpg\" class=\"attachment-featured-slide size-featured-slide wp-post-image\" alt=\"Colonies de vacances PEP 34 \u00e0 Palavas : activit\u00e9 voile.\" title=\"PEP34-ACTIVITE-VOILE-PALAVAS-PLAGE-LOISIR-ENFANTS\" srcset=\"https:\/\/www.pep34vacances.com\/centre-palavas\/wp-content\/uploads\/sites\/2\/2016\/01\/PEP34-ACTIVITE-VOILE-PALAVAS-PLAGE-LOISIR-ENFANTS.jpg 800w, https:\/\/www.pep34vacances.com\/centre-palavas\/wp-content\/uploads\/sites\/2\/2016\/01\/PEP34-ACTIVITE-VOILE-PALAVAS-PLAGE-LOISIR-ENFANTS-300x146.jpg 300w, https:\/\/www.pep34vacances.com\/centre-palavas\/wp-content\/uploads\/sites\/2\/2016\/01\/PEP34-ACTIVITE-VOILE-PALAVAS-PLAGE-LOISIR-ENFANTS-250x122.jpg 250w, https:\/\/www.pep34vacances.com\/centre-palavas\/wp-content\/uploads\/sites\/2\/2016\/01\/PEP34-ACTIVITE-VOILE-PALAVAS-PLAGE-LOISIR-ENFANTS-100x50.jpg 100w\" sizes=\"(max-width: 800px) 100vw, 800px\" \/>\t\t\t\t\t\r\n\t\t\t\t\t\t\t\r\n\t\t\t<\/div><!-- .mslide -->\r\n\t\t\t\r\n\t\t\t\t\t\t\r\n\t\t\t\t\r\n\t\t<\/div><!-- .meteor-clip -->\r\n\t\t\t\t\r\n\t\t\t\t\t\r\n\t<\/div><!-- .meteor-slides -->\r\n\t\r\n\t<\/h3>\n<h2><\/h2>\n<h2>D\u00e9roulement de l'activit\u00e9<\/h2>\n<p>Le Centre nautique organise des activit\u00e9s d\u2019initiation et de perfectionnement sur tout type de support nautique et pour tout public. Les enfants \u00e9voluent sur des optimists. Dot\u00e9 d\u2019une coque \u00e0 fond plat, \u00e9quip\u00e9 d\u2019une voile unique, c\u2019est un bateau l\u00e9ger, stable et tr\u00e8s simple \u00e0 man\u0153uvrer. Il est souvent utilis\u00e9 pour l\u2019apprentissage dans les \u00e9coles de voile. Pour ceux qui seraient plus exp\u00e9riment\u00e9s, il est possible de naviguer sur un catamaran Colibri, tr\u00e8s robuste et stable de part le volume de ses coques. Il a un look de grand, est tr\u00e8s \u00e9volutif et poss\u00e8de une vivacit\u00e9 captivante et une conduite facile. Le centre nautique dispose de plusieurs plans d\u2019eau pour la pratique de ces activit\u00e9s\u00a0: la rive gauche avec son plan d\u2019eau ouvert sur la mer et un d\u00e9part prot\u00e9g\u00e9 et balis\u00e9\u00a0; l\u2019\u00e9tang du Levant, l\u2019avant port, les canalettes pour une navigation en optimist avec les scolaires lorsque la mer est trop agit\u00e9e\u00a0; Une base nautique sur l\u2019\u00e9tang du Levant, en cours d\u2019am\u00e9nagement, accueille les enfants pour une pratique nautique diversifi\u00e9e en toute s\u00e9curit\u00e9 lors de conditions m\u00e9t\u00e9orologiques difficiles en mer. Le plan d\u2019eau est actuellement exploitable au d\u00e9part du centre nautique par le canal et les canalettes.<\/p>\n<p><strong>Cette activit\u00e9 est men\u00e9e et encadr\u00e9e par des moniteurs dipl\u00f4m\u00e9s de l\u2019\u00e9cole de voile de Palavas.<\/strong><br \/>\n<strong>Pour pratiquer cette activit\u00e9 les enfants doivent \u00eatre titulaires de l\u2019attestation de r\u00e9ussite au test d\u2019aptitude \u00e0 la pratique des activit\u00e9s nautiques et aquatiques.<\/strong><\/p>\n<p><strong>Niveau<\/strong>\u00a0: \u00e0 partir de 7 ans<br \/>\n<strong>Lieu<\/strong>\u00a0: \u00e0 Palavas, \u00e9cole de voile \u00e0 10 min \u00e0 pied<br \/>\n<strong>Dur\u00e9e<\/strong>\u00a0: s\u00e9ance d\u2019environ 2h30<\/p>\n","protected":false},"excerpt":{"rendered":"<p>D\u00e9roulement de l'activit\u00e9 Le Centre nautique organise des activit\u00e9s d\u2019initiation et de perfectionnement sur tout type de support nautique et pour tout public. Les enfants \u00e9voluent sur des optimists. Dot\u00e9 d\u2019une coque \u00e0 fond plat, \u00e9quip\u00e9 d\u2019une voile unique, c\u2019est un bateau l\u00e9ger, stable et tr\u00e8s simple \u00e0 man\u0153uvrer. Il est souvent utilis\u00e9 pour l\u2019apprentissage dans les \u00e9coles de voile.&nbsp;<a href=\"https:\/\/www.pep34vacances.com\/centre-palavas\/activites\/voile\/\" class=\"read-more\">Lire la suite<\/a><\/p>\n","protected":false},"author":5,"featured_media":0,"parent":22,"menu_order":0,"comment_status":"closed","ping_status":"closed","template":"","meta":{"footnotes":""},"_links":{"self":[{"href":"https:\/\/www.pep34vacances.com\/centre-palavas\/wp-json\/wp\/v2\/pages\/166"}],"collection":[{"href":"https:\/\/www.pep34vacances.com\/centre-palavas\/wp-json\/wp\/v2\/pages"}],"about":[{"href":"https:\/\/www.pep34vacances.com\/centre-palavas\/wp-json\/wp\/v2\/types\/page"}],"author":[{"embeddable":true,"href":"https:\/\/www.pep34vacances.com\/centre-palavas\/wp-json\/wp\/v2\/users\/5"}],"replies":[{"embeddable":true,"href":"https:\/\/www.pep34vacances.com\/centre-palavas\/wp-json\/wp\/v2\/comments?post=166"}],"version-history":[{"count":0,"href":"https:\/\/www.pep34vacances.com\/centre-palavas\/wp-json\/wp\/v2\/pages\/166\/revisions"}],"up":[{"embeddable":true,"href":"https:\/\/www.pep34vacances.com\/centre-palavas\/wp-json\/wp\/v2\/pages\/22"}],"wp:attachment":[{"href":"https:\/\/www.pep34vacances.com\/centre-palavas\/wp-json\/wp\/v2\/media?parent=166"}],"curies":[{"name":"wp","href":"https:\/\/api.w.org\/{rel}","templated":true}]}}